CRAN Package Check Results for Package ADPclust

Last updated on 2018-02-24 22:47:17 CET.

Flavor Version Tinstall Tcheck Ttotal Status Flags
r-devel-linux-x86_64-debian-clang 0.7 1.70 56.45 58.15 OK
r-devel-linux-x86_64-debian-gcc 0.7 1.29 38.51 39.80 OK
r-devel-linux-x86_64-fedora-clang 0.7 67.50 NOTE
r-devel-linux-x86_64-fedora-gcc 0.7 73.10 NOTE
r-devel-windows-ix86+x86_64 0.7 5.00 94.00 99.00 OK
r-patched-linux-x86_64 0.7 1.28 65.39 66.67 OK
r-patched-solaris-x86 0.7 105.30 NOTE
r-release-linux-x86_64 0.7 1.05 61.31 62.36 OK
r-release-windows-ix86+x86_64 0.7 7.00 117.00 124.00 OK
r-release-osx-x86_64 0.7 NOTE
r-oldrel-windows-ix86+x86_64 0.7 3.00 79.00 82.00 OK
r-oldrel-osx-x86_64 0.7 NOTE

Check Details

Version: 0.7
Check: dependencies in R code
Result: NOTE
    Namespaces in Imports field not imported from:
     ‘fields’ ‘knitr’
     All declared Imports should be used.
Flavors: r-devel-linux-x86_64-fedora-clang, r-devel-linux-x86_64-fedora-gcc, r-patched-solaris-x86, r-release-osx-x86_64, r-oldrel-osx-x86_64