CRAN Package Check Results for Package ADPclust

Last updated on 2018-06-19 22:53:43 CEST.

Flavor Version Tinstall Tcheck Ttotal Status Flags
r-devel-linux-x86_64-debian-clang 0.7 2.22 55.45 57.67 OK
r-devel-linux-x86_64-debian-gcc 0.7 1.45 41.68 43.13 OK
r-devel-linux-x86_64-fedora-clang 0.7 71.37 NOTE
r-devel-linux-x86_64-fedora-gcc 0.7 68.05 NOTE
r-devel-windows-ix86+x86_64 0.7 6.00 93.00 99.00 OK
r-patched-linux-x86_64 0.7 2.09 53.12 55.21 OK
r-patched-solaris-x86 0.7 116.70 NOTE
r-release-linux-x86_64 0.7 2.02 52.84 54.86 OK
r-release-windows-ix86+x86_64 0.7 4.00 68.00 72.00 OK
r-release-osx-x86_64 0.7 NOTE
r-oldrel-windows-ix86+x86_64 0.7 4.00 106.00 110.00 OK
r-oldrel-osx-x86_64 0.7 NOTE

Check Details

Version: 0.7
Check: dependencies in R code
Result: NOTE
    Namespaces in Imports field not imported from:
     ‘fields’ ‘knitr’
     All declared Imports should be used.
Flavors: r-devel-linux-x86_64-fedora-clang, r-devel-linux-x86_64-fedora-gcc, r-patched-solaris-x86, r-release-osx-x86_64, r-oldrel-osx-x86_64