CRAN Package Check Results for Package ADPclust

Last updated on 2017-11-23 22:46:28 CET.

Flavor Version Tinstall Tcheck Ttotal Status Flags
r-devel-linux-x86_64-debian-clang 0.7 0.81 65.52 66.33 OK
r-devel-linux-x86_64-debian-gcc 0.7 0.97 73.43 74.40 OK
r-devel-linux-x86_64-fedora-clang 0.7 64.25 NOTE
r-devel-linux-x86_64-fedora-gcc 0.7 64.47 NOTE
r-devel-windows-ix86+x86_64 0.7 4.00 76.00 80.00 OK
r-patched-linux-x86_64 0.7 1.35 95.69 97.04 OK
r-patched-solaris-x86 0.7 103.30 NOTE
r-release-linux-x86_64 0.7 0.98 43.83 44.80 OK
r-release-windows-ix86+x86_64 0.7 3.00 73.00 76.00 OK
r-release-osx-x86_64 0.7 NOTE
r-oldrel-windows-ix86+x86_64 0.7 3.00 80.00 83.00 OK
r-oldrel-osx-x86_64 0.7 NOTE

Check Details

Version: 0.7
Check: dependencies in R code
Result: NOTE
    Namespaces in Imports field not imported from:
     ‘fields’ ‘knitr’
     All declared Imports should be used.
Flavors: r-devel-linux-x86_64-fedora-clang, r-devel-linux-x86_64-fedora-gcc, r-patched-solaris-x86, r-release-osx-x86_64, r-oldrel-osx-x86_64