CRAN Package Check Results for Package ADPclust

Last updated on 2018-09-17 22:50:51 CEST.

Flavor Version Tinstall Tcheck Ttotal Status Flags
r-devel-linux-x86_64-debian-clang 0.7 1.71 57.03 58.74 OK
r-devel-linux-x86_64-debian-gcc 0.7 1.54 43.69 45.23 OK
r-devel-linux-x86_64-fedora-clang 0.7 71.90 NOTE
r-devel-linux-x86_64-fedora-gcc 0.7 73.53 NOTE
r-devel-windows-ix86+x86_64 0.7 7.00 112.00 119.00 OK
r-patched-linux-x86_64 0.7 1.46 53.18 54.64 OK
r-patched-solaris-x86 0.7 112.60 NOTE
r-release-linux-x86_64 0.7 1.49 54.14 55.63 OK
r-release-windows-ix86+x86_64 0.7 3.00 73.00 76.00 OK
r-release-osx-x86_64 0.7 NOTE
r-oldrel-windows-ix86+x86_64 0.7 4.00 75.00 79.00 OK
r-oldrel-osx-x86_64 0.7 NOTE

Check Details

Version: 0.7
Check: dependencies in R code
Result: NOTE
    Namespaces in Imports field not imported from:
     ‘fields’ ‘knitr’
     All declared Imports should be used.
Flavors: r-devel-linux-x86_64-fedora-clang, r-devel-linux-x86_64-fedora-gcc, r-patched-solaris-x86, r-release-osx-x86_64, r-oldrel-osx-x86_64