CRAN Package Check Results for Package ADPclust

Last updated on 2018-12-12 22:55:09 CET.

Flavor Version Tinstall Tcheck Ttotal Status Flags
r-devel-linux-x86_64-debian-clang 0.7 1.88 57.45 59.33 OK
r-devel-linux-x86_64-debian-gcc 0.7 1.75 43.46 45.21 OK
r-devel-linux-x86_64-fedora-clang 0.7 69.84 NOTE
r-devel-linux-x86_64-fedora-gcc 0.7 67.62 NOTE
r-devel-windows-ix86+x86_64 0.7 5.00 98.00 103.00 OK
r-patched-linux-x86_64 0.7 1.94 50.60 52.54 OK
r-patched-solaris-x86 0.7 119.70 NOTE
r-release-linux-x86_64 0.7 2.03 54.38 56.41 OK
r-release-windows-ix86+x86_64 0.7 4.00 72.00 76.00 OK
r-release-osx-x86_64 0.7 NOTE
r-oldrel-windows-ix86+x86_64 0.7 4.00 84.00 88.00 OK
r-oldrel-osx-x86_64 0.7 NOTE

Check Details

Version: 0.7
Check: dependencies in R code
Result: NOTE
    Namespaces in Imports field not imported from:
     ‘fields’ ‘knitr’
     All declared Imports should be used.
Flavors: r-devel-linux-x86_64-fedora-clang, r-devel-linux-x86_64-fedora-gcc, r-patched-solaris-x86, r-release-osx-x86_64, r-oldrel-osx-x86_64