Last updated on 2024-04-18 22:52:31 CEST.
Flavor | Version | Tinstall | Tcheck | Ttotal | Status | Flags |
---|---|---|---|---|---|---|
r-devel-linux-x86_64-debian-clang | 0.1.0 | 7.71 | 58.82 | 66.53 | NOTE | |
r-devel-linux-x86_64-debian-gcc | 0.1.0 | 5.80 | 45.35 | 51.15 | NOTE | |
r-devel-linux-x86_64-fedora-clang | 0.1.0 | 85.71 | NOTE | |||
r-devel-linux-x86_64-fedora-gcc | 0.1.0 | 89.02 | NOTE | |||
r-prerel-macos-arm64 | 0.1.0 | 28.00 | NOTE | |||
r-prerel-windows-x86_64 | 0.1.0 | 8.00 | 62.00 | 70.00 | NOTE | |
r-patched-linux-x86_64 | 0.1.0 | 6.51 | 57.33 | 63.84 | NOTE | |
r-release-linux-x86_64 | 0.1.0 | 5.34 | 57.75 | 63.09 | NOTE | |
r-release-macos-arm64 | 0.1.0 | 31.00 | NOTE | |||
r-release-macos-x86_64 | 0.1.0 | 43.00 | NOTE | |||
r-release-windows-x86_64 | 0.1.0 | 10.00 | 68.00 | 78.00 | NOTE | |
r-oldrel-macos-arm64 | 0.1.0 | 27.00 | NOTE | |||
r-oldrel-windows-x86_64 | 0.1.0 | 10.00 | 75.00 | 85.00 | NOTE |
Version: 0.1.0
Check: LazyData
Result: NOTE
'LazyData' is specified without a 'data' directory
Flavors: r-devel-linux-x86_64-debian-clang, r-devel-linux-x86_64-debian-gcc, r-devel-linux-x86_64-fedora-clang, r-devel-linux-x86_64-fedora-gcc, r-prerel-macos-arm64, r-prerel-windows-x86_64, r-patched-linux-x86_64, r-release-linux-x86_64, r-release-macos-arm64, r-release-macos-x86_64, r-release-windows-x86_64, r-oldrel-macos-arm64, r-oldrel-windows-x86_64