Last updated on 2023-02-06 21:54:37 CET.
Flavor | Version | Tinstall | Tcheck | Ttotal | Status | Flags |
---|---|---|---|---|---|---|
r-devel-linux-x86_64-debian-clang | 1.0 | 4.34 | 35.77 | 40.11 | NOTE | |
r-devel-linux-x86_64-debian-gcc | 1.0 | 3.56 | 28.03 | 31.59 | NOTE | |
r-devel-linux-x86_64-fedora-clang | 1.0 | 51.86 | NOTE | |||
r-devel-linux-x86_64-fedora-gcc | 1.0 | 49.43 | NOTE | |||
r-devel-windows-x86_64 | 1.0 | 30.00 | 86.00 | 116.00 | NOTE | |
r-patched-linux-x86_64 | 1.0 | 3.72 | 35.19 | 38.91 | NOTE | |
r-release-linux-x86_64 | 1.0 | 4.04 | 35.51 | 39.55 | NOTE | |
r-release-macos-arm64 | 1.0 | 22.00 | NOTE | |||
r-release-macos-x86_64 | 1.0 | 31.00 | NOTE | |||
r-release-windows-x86_64 | 1.0 | 16.00 | 68.00 | 84.00 | NOTE | |
r-oldrel-macos-arm64 | 1.0 | 25.00 | NOTE | |||
r-oldrel-macos-x86_64 | 1.0 | 35.00 | NOTE | |||
r-oldrel-windows-ix86+x86_64 | 1.0 | 10.00 | 66.00 | 76.00 | OK |
Version: 1.0
Check: package dependencies
Result: NOTE
Package suggested but not available for checking: ‘INLA’
Flavors: r-devel-linux-x86_64-debian-clang, r-devel-linux-x86_64-debian-gcc, r-devel-windows-x86_64, r-patched-linux-x86_64, r-release-linux-x86_64, r-release-macos-arm64, r-release-macos-x86_64, r-release-windows-x86_64, r-oldrel-macos-arm64, r-oldrel-macos-x86_64
Version: 1.0
Check: dependencies in R code
Result: NOTE
Namespace in Imports field not imported from: ‘rgdal’
All declared Imports should be used.
Flavors: r-devel-linux-x86_64-fedora-clang, r-devel-linux-x86_64-fedora-gcc, r-release-macos-arm64, r-release-macos-x86_64, r-oldrel-macos-arm64, r-oldrel-macos-x86_64