Last updated on 2025-04-29 22:49:55 CEST.
Flavor | Version | Tinstall | Tcheck | Ttotal | Status | Flags |
---|---|---|---|---|---|---|
r-devel-linux-x86_64-debian-clang | 1.1 | 2.46 | 36.47 | 38.93 | NOTE | |
r-devel-linux-x86_64-debian-gcc | 1.1 | 1.81 | 27.58 | 29.39 | NOTE | |
r-devel-linux-x86_64-fedora-clang | 1.1 | 63.83 | OK | |||
r-devel-linux-x86_64-fedora-gcc | 1.1 | 76.65 | OK | |||
r-devel-windows-x86_64 | 1.1 | 4.00 | 83.00 | 87.00 | OK | |
r-patched-linux-x86_64 | 1.1 | 2.26 | 35.48 | 37.74 | OK | |
r-release-linux-x86_64 | 1.1 | 2.72 | 34.70 | 37.42 | OK | |
r-release-macos-arm64 | 1.1 | 34.00 | OK | |||
r-release-macos-x86_64 | 1.1 | 56.00 | OK | |||
r-release-windows-x86_64 | 1.1 | 3.00 | 86.00 | 89.00 | OK | |
r-oldrel-macos-arm64 | 1.1 | 28.00 | OK | |||
r-oldrel-macos-x86_64 | 1.1 | 49.00 | OK | |||
r-oldrel-windows-x86_64 | 1.1 | 4.00 | 81.00 | 85.00 | OK |
Version: 1.1
Check: CRAN incoming feasibility
Result: NOTE
Maintainer: ‘Dan Apley <apley@northwestern.edu>’
No Authors@R field in DESCRIPTION.
Please add one, modifying
Authors@R: person(given = "Dan",
family = "Apley",
role = c("aut", "cre"),
email = "apley@northwestern.edu")
as necessary.
File 'R/ALEPlot-internal.R' sets .Random.seed.
This is usually neither needed nor wanted.
Flavors: r-devel-linux-x86_64-debian-clang, r-devel-linux-x86_64-debian-gcc
Version: 1.1
Check: examples
Result: NOTE
Examples with CPU (user + system) or elapsed time > 5s
user system elapsed
PDPlot 4.764 0.002 6.766
Flavor: r-devel-linux-x86_64-debian-clang