CRAN Package Check Results for Package AMR

Last updated on 2020-01-18 22:48:25 CET.

Flavor Version Tinstall Tcheck Ttotal Status Flags
r-devel-linux-x86_64-debian-clang 0.9.0 23.36 442.26 465.62 OK
r-devel-linux-x86_64-debian-gcc 0.9.0 18.50 313.70 332.20 OK
r-devel-linux-x86_64-fedora-clang 0.9.0 492.71 NOTE
r-devel-linux-x86_64-fedora-gcc 0.9.0 469.33 OK
r-devel-windows-ix86+x86_64 0.9.0 53.00 467.00 520.00 NOTE
r-devel-windows-ix86+x86_64-gcc8 0.9.0 41.00 354.00 395.00 NOTE
r-patched-linux-x86_64 0.9.0 20.84 363.84 384.68 OK
r-patched-solaris-x86 0.9.0 620.80 NOTE
r-release-linux-x86_64 0.9.0 19.84 369.32 389.16 OK
r-release-windows-ix86+x86_64 0.9.0 51.00 455.00 506.00 NOTE
r-release-osx-x86_64 0.9.0 NOTE
r-oldrel-windows-ix86+x86_64 0.9.0 42.00 422.00 464.00 NOTE
r-oldrel-osx-x86_64 0.9.0 NOTE

Check Details

Version: 0.9.0
Check: installed package size
Result: NOTE
     installed size is 5.8Mb
     sub-directories of 1Mb or more:
     data 3.3Mb
Flavors: r-devel-linux-x86_64-fedora-clang, r-devel-windows-ix86+x86_64, r-devel-windows-ix86+x86_64-gcc8, r-patched-solaris-x86, r-release-windows-ix86+x86_64, r-release-osx-x86_64, r-oldrel-windows-ix86+x86_64, r-oldrel-osx-x86_64