CRAN Package Check Results for Package AMR

Last updated on 2019-08-23 22:49:53 CEST.

Flavor Version Tinstall Tcheck Ttotal Status Flags
r-devel-linux-x86_64-debian-clang 0.7.1 20.04 686.02 706.06 OK
r-devel-linux-x86_64-debian-gcc 0.7.1 OK
r-devel-linux-x86_64-fedora-clang 0.7.1 678.46 NOTE
r-devel-linux-x86_64-fedora-gcc 0.7.1 583.21 OK
r-devel-windows-ix86+x86_64 0.7.1 37.00 498.00 535.00 NOTE
r-patched-linux-x86_64 0.7.1 19.11 540.35 559.46 OK
r-patched-solaris-x86 0.7.1 660.10 NOTE
r-release-linux-x86_64 0.7.1 19.12 541.74 560.86 OK
r-release-windows-ix86+x86_64 0.7.1 53.00 575.00 628.00 NOTE
r-release-osx-x86_64 0.7.1 NOTE
r-oldrel-windows-ix86+x86_64 0.7.1 37.00 514.00 551.00 NOTE
r-oldrel-osx-x86_64 0.7.1 NOTE

Check Details

Version: 0.7.1
Check: installed package size
Result: NOTE
     installed size is 5.1Mb
     sub-directories of 1Mb or more:
     data 3.1Mb
Flavors: r-devel-linux-x86_64-fedora-clang, r-devel-windows-ix86+x86_64, r-patched-solaris-x86, r-release-windows-ix86+x86_64, r-release-osx-x86_64, r-oldrel-windows-ix86+x86_64, r-oldrel-osx-x86_64