CRAN Package Check Results for Package ARDL

Last updated on 2024-04-14 22:54:12 CEST.

Flavor Version Tinstall Tcheck Ttotal Status Flags
r-devel-linux-x86_64-debian-clang 0.2.4 9.93 319.77 329.70 NOTE
r-devel-linux-x86_64-debian-gcc 0.2.4 6.97 217.96 224.93 NOTE
r-devel-linux-x86_64-fedora-clang 0.2.4 364.66 NOTE
r-devel-linux-x86_64-fedora-gcc 0.2.4 390.49 NOTE
r-devel-windows-x86_64 0.2.4 9.00 218.00 227.00 NOTE
r-patched-linux-x86_64 0.2.4 7.56 302.18 309.74 NOTE
r-release-linux-x86_64 0.2.4 8.76 293.52 302.28 OK
r-release-macos-arm64 0.2.4 100.00 OK
r-release-macos-x86_64 0.2.4 173.00 OK
r-release-windows-x86_64 0.2.4 12.00 277.00 289.00 OK
r-oldrel-macos-arm64 0.2.4 95.00 OK
r-oldrel-windows-x86_64 0.2.4 11.00 280.00 291.00 OK

Check Details

Version: 0.2.4
Check: Rd files
Result: NOTE checkRd: (-1) recm.Rd:55: Lost braces; missing escapes or markup? 55 | {In all cases,} \eqn{x_{j,t-1}} {in} \eqn{ECT} {is replaced by} \eqn{x_{j,t} \;\;\;\;\; \forall \;\; q_{j} = 0} | ^ checkRd: (-1) recm.Rd:55: Lost braces; missing escapes or markup? 55 | {In all cases,} \eqn{x_{j,t-1}} {in} \eqn{ECT} {is replaced by} \eqn{x_{j,t} \;\;\;\;\; \forall \;\; q_{j} = 0} | ^ checkRd: (-1) recm.Rd:55: Lost braces; missing escapes or markup? 55 | {In all cases,} \eqn{x_{j,t-1}} {in} \eqn{ECT} {is replaced by} \eqn{x_{j,t} \;\;\;\;\; \forall \;\; q_{j} = 0} | ^ checkRd: (-1) uecm.Rd:76: Lost braces; missing escapes or markup? 76 | {In addition,} \eqn{x_{j,t-1}} {and} \eqn{\Delta x_{j,t}} {cancel out | ^ checkRd: (-1) uecm.Rd:76: Lost braces; missing escapes or markup? 76 | {In addition,} \eqn{x_{j,t-1}} {and} \eqn{\Delta x_{j,t}} {cancel out | ^ checkRd: (-1) uecm.Rd:76-77: Lost braces 76 | {In addition,} \eqn{x_{j,t-1}} {and} \eqn{\Delta x_{j,t}} {cancel out | ^ Flavors: r-devel-linux-x86_64-debian-clang, r-devel-linux-x86_64-debian-gcc, r-devel-linux-x86_64-fedora-clang, r-devel-linux-x86_64-fedora-gcc, r-devel-windows-x86_64, r-patched-linux-x86_64