CRAN Package Check Results for Package AcuityView

Last updated on 2020-01-18 22:48:25 CET.

Flavor Version Tinstall Tcheck Ttotal Status Flags
r-devel-linux-x86_64-debian-clang 0.1 3.85 32.76 36.61 NOTE
r-devel-linux-x86_64-debian-gcc 0.1 2.88 26.11 28.99 NOTE
r-devel-linux-x86_64-fedora-clang 0.1 46.87 WARN
r-devel-linux-x86_64-fedora-gcc 0.1 44.72 NOTE
r-devel-windows-ix86+x86_64 0.1 13.00 66.00 79.00 OK
r-devel-windows-ix86+x86_64-gcc8 0.1 10.00 51.00 61.00 OK
r-patched-linux-x86_64 0.1 3.04 29.80 32.84 OK
r-patched-solaris-x86 0.1 67.40 OK
r-release-linux-x86_64 0.1 2.51 29.89 32.40 OK
r-release-windows-ix86+x86_64 0.1 11.00 46.00 57.00 OK
r-release-osx-x86_64 0.1 OK
r-oldrel-windows-ix86+x86_64 0.1 7.00 50.00 57.00 OK
r-oldrel-osx-x86_64 0.1 OK

Check Details

Version: 0.1
Check: for non-standard things in the check directory
Result: NOTE
    Found the following files/directories:
     'Example.jpeg'
Flavors: r-devel-linux-x86_64-debian-clang, r-devel-linux-x86_64-debian-gcc, r-devel-linux-x86_64-fedora-clang, r-devel-linux-x86_64-fedora-gcc

Version: 0.1
Check: package dependencies
Result: WARN
    Requires orphaned package: ‘imager’
Flavor: r-devel-linux-x86_64-fedora-clang