CRAN Package Check Results for Package AcuityView

Last updated on 2019-08-22 22:46:49 CEST.

Flavor Version Tinstall Tcheck Ttotal Status Flags
r-devel-linux-x86_64-debian-clang 0.1 3.60 30.92 34.52 NOTE
r-devel-linux-x86_64-debian-gcc 0.1 2.40 24.82 27.22 NOTE
r-devel-linux-x86_64-fedora-clang 0.1 42.46 NOTE
r-devel-linux-x86_64-fedora-gcc 0.1 41.01 NOTE
r-devel-windows-ix86+x86_64 0.1 11.00 67.00 78.00 OK
r-patched-linux-x86_64 0.1 3.27 30.52 33.79 OK
r-patched-solaris-x86 0.1 83.00 OK
r-release-linux-x86_64 0.1 2.89 30.02 32.91 OK
r-release-windows-ix86+x86_64 0.1 13.00 56.00 69.00 OK
r-release-osx-x86_64 0.1 OK
r-oldrel-windows-ix86+x86_64 0.1 7.00 59.00 66.00 OK
r-oldrel-osx-x86_64 0.1 OK

Check Details

Version: 0.1
Check: for non-standard things in the check directory
Result: NOTE
    Found the following files/directories:
     'Example.jpeg'
Flavors: r-devel-linux-x86_64-debian-clang, r-devel-linux-x86_64-debian-gcc, r-devel-linux-x86_64-fedora-clang, r-devel-linux-x86_64-fedora-gcc