CRAN Package Check Results for Package AdMit

Last updated on 2018-02-24 22:47:17 CET.

Flavor Version Tinstall Tcheck Ttotal Status Flags
r-devel-linux-x86_64-debian-clang 2.1.3 2.47 38.86 41.33 NOTE
r-devel-linux-x86_64-debian-gcc 2.1.3 1.72 29.64 31.36 NOTE
r-devel-linux-x86_64-fedora-clang 2.1.3 52.68 NOTE
r-devel-linux-x86_64-fedora-gcc 2.1.3 54.49 NOTE
r-devel-windows-ix86+x86_64 2.1.3 11.00 83.00 94.00 OK
r-patched-linux-x86_64 2.1.3 1.55 40.13 41.68 NOTE
r-patched-solaris-x86 2.1.3 65.00 OK
r-release-linux-x86_64 2.1.3 1.48 40.41 41.89 NOTE
r-release-windows-ix86+x86_64 2.1.3 11.00 84.00 95.00 OK
r-release-osx-x86_64 2.1.3 OK
r-oldrel-windows-ix86+x86_64 2.1.3 9.00 84.00 93.00 OK
r-oldrel-osx-x86_64 2.1.3 OK

Check Details

Version: 2.1.3
Check: compiled code
Result: NOTE
    File ‘AdMit/libs/AdMit.so’:
     Found no calls to: ‘R_registerRoutines’, ‘R_useDynamicSymbols’
    
    It is good practice to register native routines and to disable symbol
    search.
    
    See ‘Writing portable packages’ in the ‘Writing R Extensions’ manual.
Flavors: r-devel-linux-x86_64-debian-clang, r-devel-linux-x86_64-debian-gcc, r-devel-linux-x86_64-fedora-clang, r-devel-linux-x86_64-fedora-gcc, r-patched-linux-x86_64, r-release-linux-x86_64