CRAN Package Check Results for Package AdMit

Last updated on 2018-06-24 22:49:08 CEST.

Flavor Version Tinstall Tcheck Ttotal Status Flags
r-devel-linux-x86_64-debian-clang 2.1.3 2.58 41.10 43.68 NOTE
r-devel-linux-x86_64-debian-gcc 2.1.3 1.70 31.00 32.70 NOTE
r-devel-linux-x86_64-fedora-clang 2.1.3 54.78 NOTE
r-devel-linux-x86_64-fedora-gcc 2.1.3 50.95 NOTE
r-devel-windows-ix86+x86_64 2.1.3 14.00 70.00 84.00 OK
r-patched-linux-x86_64 2.1.3 2.09 39.11 41.20 NOTE
r-patched-solaris-x86 2.1.3 68.60 OK
r-release-linux-x86_64 2.1.3 2.03 39.01 41.04 NOTE
r-release-windows-ix86+x86_64 2.1.3 11.00 64.00 75.00 OK
r-release-osx-x86_64 2.1.3 OK
r-oldrel-windows-ix86+x86_64 2.1.3 13.00 90.00 103.00 OK
r-oldrel-osx-x86_64 2.1.3 OK

Check Details

Version: 2.1.3
Check: compiled code
Result: NOTE
    File ‘AdMit/libs/AdMit.so’:
     Found no calls to: ‘R_registerRoutines’, ‘R_useDynamicSymbols’
    
    It is good practice to register native routines and to disable symbol
    search.
    
    See ‘Writing portable packages’ in the ‘Writing R Extensions’ manual.
Flavors: r-devel-linux-x86_64-debian-clang, r-devel-linux-x86_64-debian-gcc, r-devel-linux-x86_64-fedora-clang, r-devel-linux-x86_64-fedora-gcc, r-patched-linux-x86_64, r-release-linux-x86_64