CRAN Package Check Results for Package AdMit

Last updated on 2018-09-23 22:46:47 CEST.

Flavor Version Tinstall Tcheck Ttotal Status Flags
r-devel-linux-x86_64-debian-clang 2.1.3 2.65 40.89 43.54 OK
r-devel-linux-x86_64-debian-gcc 2.1.3 1.50 31.43 32.93 OK
r-devel-linux-x86_64-fedora-clang 2.1.3 53.44 NOTE
r-devel-linux-x86_64-fedora-gcc 2.1.3 55.69 NOTE
r-devel-windows-ix86+x86_64 2.1.3 10.00 72.00 82.00 OK
r-patched-linux-x86_64 2.1.3 2.12 38.67 40.79 OK
r-patched-solaris-x86 2.1.3 67.70 OK
r-release-linux-x86_64 2.1.3 2.23 38.38 40.61 OK
r-release-windows-ix86+x86_64 2.1.3 7.00 86.00 93.00 OK
r-release-osx-x86_64 2.1.3 OK
r-oldrel-windows-ix86+x86_64 2.1.3 7.00 90.00 97.00 OK
r-oldrel-osx-x86_64 2.1.3 OK

Check Details

Version: 2.1.3
Check: compiled code
Result: NOTE
    File ‘AdMit/libs/AdMit.so’:
     Found no calls to: ‘R_registerRoutines’, ‘R_useDynamicSymbols’
    
    It is good practice to register native routines and to disable symbol
    search.
    
    See ‘Writing portable packages’ in the ‘Writing R Extensions’ manual.
Flavors: r-devel-linux-x86_64-fedora-clang, r-devel-linux-x86_64-fedora-gcc