Last updated on 2023-04-01 22:53:33 CEST.
Flavor | Version | Tinstall | Tcheck | Ttotal | Status | Flags |
---|---|---|---|---|---|---|
r-devel-linux-x86_64-debian-clang | 0.8.1 | 20.03 | 136.60 | 156.63 | OK | |
r-devel-linux-x86_64-debian-gcc | 0.8.1 | 18.09 | 99.50 | 117.59 | OK | |
r-devel-linux-x86_64-fedora-clang | 0.8.1 | 201.28 | NOTE | |||
r-devel-linux-x86_64-fedora-gcc | 0.8.1 | 192.18 | OK | |||
r-devel-windows-x86_64 | 0.8.1 | 32.00 | 168.00 | 200.00 | NOTE | |
r-patched-linux-x86_64 | 0.8.1 | 20.96 | 127.37 | 148.33 | OK | |
r-release-linux-x86_64 | 0.8.1 | 20.22 | 115.78 | 136.00 | OK | |
r-release-macos-arm64 | 0.8.1 | 45.00 | NOTE | |||
r-release-macos-x86_64 | 0.8.1 | 63.00 | NOTE | |||
r-release-windows-x86_64 | 0.8.1 | 34.00 | 177.00 | 211.00 | NOTE | |
r-oldrel-macos-arm64 | 0.8.1 | 44.00 | NOTE | |||
r-oldrel-macos-x86_64 | 0.8.1 | 65.00 | NOTE | |||
r-oldrel-windows-ix86+x86_64 | 0.8.1 | 33.00 | 142.00 | 175.00 | NOTE |
Version: 0.8.1
Check: installed package size
Result: NOTE
installed size is 6.2Mb
sub-directories of 1Mb or more:
doc 3.7Mb
Flavors: r-devel-linux-x86_64-fedora-clang, r-devel-windows-x86_64, r-release-macos-arm64, r-release-macos-x86_64, r-release-windows-x86_64, r-oldrel-macos-arm64, r-oldrel-macos-x86_64, r-oldrel-windows-ix86+x86_64
Version: 0.8.1
Check: dependencies in R code
Result: NOTE
Initiating curl with CURL_SSL_BACKEND: openssl
Flavor: r-oldrel-windows-ix86+x86_64