CRAN Package Check Results for Package AhoCorasickTrie

Last updated on 2023-12-02 21:39:47 CET.

Flavor Version Tinstall Tcheck Ttotal Status Flags
r-devel-linux-x86_64-debian-clang 0.1.2 23.02 42.76 65.78 NOTE
r-devel-linux-x86_64-debian-gcc 0.1.2 15.11 34.00 49.11 NOTE
r-devel-linux-x86_64-fedora-clang 0.1.2 89.98 NOTE
r-devel-linux-x86_64-fedora-gcc 0.1.2 99.15 NOTE
r-devel-windows-x86_64 0.1.2 20.00 74.00 94.00 NOTE
r-patched-linux-x86_64 0.1.2 20.21 42.05 62.26 NOTE
r-release-linux-x86_64 0.1.2 20.13 41.48 61.61 NOTE
r-release-macos-arm64 0.1.2 32.00 NOTE
r-release-macos-x86_64 0.1.2 51.00 NOTE
r-release-windows-x86_64 0.1.2 20.00 86.00 106.00 NOTE
r-oldrel-macos-arm64 0.1.2 33.00 NOTE
r-oldrel-macos-x86_64 0.1.2 47.00 NOTE
r-oldrel-windows-x86_64 0.1.2 24.00 84.00 108.00 NOTE

Check Details

Version: 0.1.2
Check: C++ specification
Result: NOTE Specified C++11: please drop specification unless essential Flavors: r-devel-linux-x86_64-debian-clang, r-devel-linux-x86_64-debian-gcc, r-devel-linux-x86_64-fedora-clang, r-devel-linux-x86_64-fedora-gcc, r-devel-windows-x86_64, r-patched-linux-x86_64, r-release-linux-x86_64, r-release-macos-arm64, r-release-macos-x86_64, r-release-windows-x86_64

Version: 0.1.2
Check: LazyData
Result: NOTE 'LazyData' is specified without a 'data' directory Flavors: r-devel-linux-x86_64-debian-clang, r-devel-linux-x86_64-debian-gcc, r-devel-linux-x86_64-fedora-clang, r-devel-linux-x86_64-fedora-gcc, r-devel-windows-x86_64, r-patched-linux-x86_64, r-release-linux-x86_64, r-release-macos-arm64, r-release-macos-x86_64, r-release-windows-x86_64, r-oldrel-macos-arm64, r-oldrel-macos-x86_64, r-oldrel-windows-x86_64