Last updated on 2024-04-18 22:52:32 CEST.
Flavor | Version | Tinstall | Tcheck | Ttotal | Status | Flags |
---|---|---|---|---|---|---|
r-devel-linux-x86_64-debian-clang | 0.0.4.1 | 51.19 | 57.41 | 108.60 | NOTE | |
r-devel-linux-x86_64-debian-gcc | 0.0.4.1 | 44.76 | 43.46 | 88.22 | NOTE | |
r-devel-linux-x86_64-fedora-clang | 0.0.4.1 | 154.92 | NOTE | |||
r-devel-linux-x86_64-fedora-gcc | 0.0.4.1 | 172.57 | NOTE | |||
r-prerel-macos-arm64 | 0.0.4.1 | 37.00 | NOTE | |||
r-prerel-windows-x86_64 | 0.0.4.1 | 44.00 | 111.00 | 155.00 | NOTE | |
r-patched-linux-x86_64 | 0.0.4.1 | 59.49 | 53.87 | 113.36 | NOTE | |
r-release-linux-x86_64 | 0.0.4.1 | 54.53 | 53.11 | 107.64 | OK | |
r-release-macos-arm64 | 0.0.4.1 | 49.00 | OK | |||
r-release-macos-x86_64 | 0.0.4.1 | 80.00 | OK | |||
r-release-windows-x86_64 | 0.0.4.1 | 54.00 | 96.00 | 150.00 | OK | |
r-oldrel-macos-arm64 | 0.0.4.1 | 42.00 | OK | |||
r-oldrel-windows-x86_64 | 0.0.4.1 | 52.00 | 93.00 | 145.00 | OK |
Version: 0.0.4.1
Check: Rd files
Result: NOTE
checkRd: (-1) ASBT.Rd:36-37: Lost braces
36 | \item{method}{Method for aggregating across categories: {"none", "max",
| ^
checkRd: (-1) Aggregator.Rd:26: Lost braces; missing escapes or markup?
26 | {"none", "max", "sum"}. Default: "none".}
| ^
checkRd: (-1) DGP.Rd:72: Lost braces in \itemize; meant \describe ?
checkRd: (-1) DGP.Rd:73: Lost braces in \itemize; meant \describe ?
checkRd: (-1) DGP.Rd:74: Lost braces in \itemize; meant \describe ?
checkRd: (-1) DGP.Rd:75: Lost braces in \itemize; meant \describe ?
checkRd: (-1) OLS.Rd:17: Lost braces in \itemize; \value handles \item{}{} directly
checkRd: (-1) OLS.Rd:18: Lost braces in \itemize; \value handles \item{}{} directly
checkRd: (-1) OLS.Rd:19: Lost braces in \itemize; \value handles \item{}{} directly
checkRd: (-1) OLS.Rd:20: Lost braces in \itemize; \value handles \item{}{} directly
Flavors: r-devel-linux-x86_64-debian-clang, r-devel-linux-x86_64-debian-gcc, r-devel-linux-x86_64-fedora-clang, r-devel-linux-x86_64-fedora-gcc, r-prerel-macos-arm64, r-prerel-windows-x86_64, r-patched-linux-x86_64