Last updated on 2023-01-26 23:00:08 CET.
Flavor | Version | Tinstall | Tcheck | Ttotal | Status | Flags |
---|---|---|---|---|---|---|
r-devel-linux-x86_64-debian-clang | 0.1.4.4 | 287.19 | 251.11 | 538.30 | NOTE | |
r-devel-linux-x86_64-debian-gcc | 0.1.4.4 | 244.86 | 181.76 | 426.62 | NOTE | |
r-devel-linux-x86_64-fedora-clang | 0.1.4.4 | 804.50 | NOTE | |||
r-devel-linux-x86_64-fedora-gcc | 0.1.4.4 | 732.41 | NOTE | |||
r-devel-windows-x86_64 | 0.1.4.4 | 256.00 | 340.00 | 596.00 | NOTE | |
r-patched-linux-x86_64 | 0.1.4.4 | 247.47 | 237.35 | 484.82 | NOTE | |
r-release-linux-x86_64 | 0.1.4.4 | 258.03 | 239.49 | 497.52 | NOTE | |
r-release-macos-arm64 | 0.1.4.4 | 159.00 | NOTE | |||
r-release-macos-x86_64 | 0.1.4.4 | 235.00 | NOTE | |||
r-release-windows-x86_64 | 0.1.4.4 | 261.00 | 329.00 | 590.00 | NOTE | |
r-oldrel-macos-arm64 | 0.1.4.4 | 185.00 | NOTE | |||
r-oldrel-macos-x86_64 | 0.1.4.4 | 355.00 | NOTE | |||
r-oldrel-windows-ix86+x86_64 | 0.1.4.4 | 659.00 | 455.00 | 1114.00 | NOTE |
Version: 0.1.4.4
Check: LazyData
Result: NOTE
'LazyData' is specified without a 'data' directory
Flavors: r-devel-linux-x86_64-debian-clang, r-devel-linux-x86_64-debian-gcc, r-devel-linux-x86_64-fedora-clang, r-devel-linux-x86_64-fedora-gcc, r-devel-windows-x86_64, r-patched-linux-x86_64, r-release-linux-x86_64, r-release-macos-arm64, r-release-macos-x86_64, r-release-windows-x86_64, r-oldrel-macos-arm64, r-oldrel-macos-x86_64, r-oldrel-windows-ix86+x86_64
Version: 0.1.4.4
Check: C++ specification
Result: NOTE
Specified C++11: please update to current default of C++17
Flavor: r-devel-linux-x86_64-fedora-gcc
Version: 0.1.4.4
Check: installed package size
Result: NOTE
installed size is 25.9Mb
sub-directories of 1Mb or more:
libs 24.5Mb
Flavors: r-release-macos-arm64, r-release-macos-x86_64, r-oldrel-macos-arm64, r-oldrel-macos-x86_64, r-oldrel-windows-ix86+x86_64