CRAN Package Check Results for Package AnalyzeFMRI

Last updated on 2018-07-20 22:50:08 CEST.

Flavor Version Tinstall Tcheck Ttotal Status Flags
r-devel-linux-x86_64-debian-clang 1.1-17 25.14 59.29 84.43 OK
r-devel-linux-x86_64-debian-gcc 1.1-17 17.66 45.79 63.45 OK
r-devel-linux-x86_64-fedora-clang 1.1-17 101.44 OK
r-devel-linux-x86_64-fedora-gcc 1.1-17 99.24 WARN
r-devel-windows-ix86+x86_64 1.1-17 52.00 141.00 193.00 OK
r-patched-linux-x86_64 1.1-17 21.48 57.79 79.27 OK
r-patched-solaris-x86 1.1-17 137.30 OK
r-release-linux-x86_64 1.1-17 21.31 56.94 78.25 OK
r-release-windows-ix86+x86_64 1.1-17 58.00 92.00 150.00 OK
r-release-osx-x86_64 1.1-17 OK
r-oldrel-windows-ix86+x86_64 1.1-17 59.00 101.00 160.00 OK
r-oldrel-osx-x86_64 1.1-17 OK

Check Details

Version: 1.1-17
Check: whether package can be installed
Result: WARN
    Found the following significant warnings:
     analyzeFMRI.c:948:3: warning: ‘strncat’ specified bound depends on the length of the source argument [-Wstringop-overflow=]
     analyzeFMRI.c:975:5: warning: ‘strncat’ specified bound depends on the length of the source argument [-Wstringop-overflow=]
Flavor: r-devel-linux-x86_64-fedora-gcc