CRAN Package Check Results for Package AntAngioCOOL

Last updated on 2024-02-26 23:03:33 CET.

Flavor Version Tinstall Tcheck Ttotal Status Flags
r-devel-linux-x86_64-debian-clang 1.2 55.80 261.28 317.08 NOTE
r-devel-linux-x86_64-debian-gcc 1.2 46.11 185.61 231.72 NOTE
r-devel-linux-x86_64-fedora-clang 1.2 406.75 NOTE
r-devel-linux-x86_64-fedora-gcc 1.2 419.71 NOTE
r-devel-windows-x86_64 1.2 61.00 196.00 257.00 NOTE
r-patched-linux-x86_64 1.2 58.46 269.18 327.64 OK
r-release-linux-x86_64 1.2 47.24 265.54 312.78 OK
r-release-macos-arm64 1.2 130.00 NOTE
r-release-macos-x86_64 1.2 212.00 NOTE
r-release-windows-x86_64 1.2 73.00 229.00 302.00 NOTE
r-oldrel-macos-arm64 1.2 103.00 NOTE
r-oldrel-windows-x86_64 1.2 75.00 209.00 284.00 NOTE

Check Details

Version: 1.2
Check: Rd files
Result: NOTE checkRd: (-1) AntAngioCOOL.Rd:33: Lost braces; missing escapes or markup? 33 | 2- K-mer composition that shows the fraction of all possible subsequences with length k in the given peptide. To compute k-mer composition features, reduced amino acid alphabet that proposed by Zahiri et al (Zahiri et al., 2014) has been exploited: the 20 alphabet of amino acids have been reduced to a new alphabet with size 8 according to 544 physicochemical and biochemical indices that extracted from AAIndex database (Kawashima et al., 2008) (C1={A, E}, C2={I, L, F, M, V}, C3={N, D, T, S}, C4={G}, C5={P}, C6={R, K, Q, H}, C7={Y, W}, C8={C}). We have computed k-mer composition for k=2,3,4 for each peptide. | ^ checkRd: (-1) AntAngioCOOL.Rd:33: Lost braces; missing escapes or markup? 33 | 2- K-mer composition that shows the fraction of all possible subsequences with length k in the given peptide. To compute k-mer composition features, reduced amino acid alphabet that proposed by Zahiri et al (Zahiri et al., 2014) has been exploited: the 20 alphabet of amino acids have been reduced to a new alphabet with size 8 according to 544 physicochemical and biochemical indices that extracted from AAIndex database (Kawashima et al., 2008) (C1={A, E}, C2={I, L, F, M, V}, C3={N, D, T, S}, C4={G}, C5={P}, C6={R, K, Q, H}, C7={Y, W}, C8={C}). We have computed k-mer composition for k=2,3,4 for each peptide. | ^ checkRd: (-1) AntAngioCOOL.Rd:33: Lost braces; missing escapes or markup? 33 | 2- K-mer composition that shows the fraction of all possible subsequences with length k in the given peptide. To compute k-mer composition features, reduced amino acid alphabet that proposed by Zahiri et al (Zahiri et al., 2014) has been exploited: the 20 alphabet of amino acids have been reduced to a new alphabet with size 8 according to 544 physicochemical and biochemical indices that extracted from AAIndex database (Kawashima et al., 2008) (C1={A, E}, C2={I, L, F, M, V}, C3={N, D, T, S}, C4={G}, C5={P}, C6={R, K, Q, H}, C7={Y, W}, C8={C}). We have computed k-mer composition for k=2,3,4 for each peptide. | ^ checkRd: (-1) AntAngioCOOL.Rd:33: Lost braces; missing escapes or markup? 33 | 2- K-mer composition that shows the fraction of all possible subsequences with length k in the given peptide. To compute k-mer composition features, reduced amino acid alphabet that proposed by Zahiri et al (Zahiri et al., 2014) has been exploited: the 20 alphabet of amino acids have been reduced to a new alphabet with size 8 according to 544 physicochemical and biochemical indices that extracted from AAIndex database (Kawashima et al., 2008) (C1={A, E}, C2={I, L, F, M, V}, C3={N, D, T, S}, C4={G}, C5={P}, C6={R, K, Q, H}, C7={Y, W}, C8={C}). We have computed k-mer composition for k=2,3,4 for each peptide. | ^ checkRd: (-1) AntAngioCOOL.Rd:33: Lost braces; missing escapes or markup? 33 | 2- K-mer composition that shows the fraction of all possible subsequences with length k in the given peptide. To compute k-mer composition features, reduced amino acid alphabet that proposed by Zahiri et al (Zahiri et al., 2014) has been exploited: the 20 alphabet of amino acids have been reduced to a new alphabet with size 8 according to 544 physicochemical and biochemical indices that extracted from AAIndex database (Kawashima et al., 2008) (C1={A, E}, C2={I, L, F, M, V}, C3={N, D, T, S}, C4={G}, C5={P}, C6={R, K, Q, H}, C7={Y, W}, C8={C}). We have computed k-mer composition for k=2,3,4 for each peptide. | ^ checkRd: (-1) AntAngioCOOL.Rd:33: Lost braces; missing escapes or markup? 33 | 2- K-mer composition that shows the fraction of all possible subsequences with length k in the given peptide. To compute k-mer composition features, reduced amino acid alphabet that proposed by Zahiri et al (Zahiri et al., 2014) has been exploited: the 20 alphabet of amino acids have been reduced to a new alphabet with size 8 according to 544 physicochemical and biochemical indices that extracted from AAIndex database (Kawashima et al., 2008) (C1={A, E}, C2={I, L, F, M, V}, C3={N, D, T, S}, C4={G}, C5={P}, C6={R, K, Q, H}, C7={Y, W}, C8={C}). We have computed k-mer composition for k=2,3,4 for each peptide. | ^ checkRd: (-1) AntAngioCOOL.Rd:33: Lost braces; missing escapes or markup? 33 | 2- K-mer composition that shows the fraction of all possible subsequences with length k in the given peptide. To compute k-mer composition features, reduced amino acid alphabet that proposed by Zahiri et al (Zahiri et al., 2014) has been exploited: the 20 alphabet of amino acids have been reduced to a new alphabet with size 8 according to 544 physicochemical and biochemical indices that extracted from AAIndex database (Kawashima et al., 2008) (C1={A, E}, C2={I, L, F, M, V}, C3={N, D, T, S}, C4={G}, C5={P}, C6={R, K, Q, H}, C7={Y, W}, C8={C}). We have computed k-mer composition for k=2,3,4 for each peptide. | ^ checkRd: (-1) AntAngioCOOL.Rd:33: Lost braces; missing escapes or markup? 33 | 2- K-mer composition that shows the fraction of all possible subsequences with length k in the given peptide. To compute k-mer composition features, reduced amino acid alphabet that proposed by Zahiri et al (Zahiri et al., 2014) has been exploited: the 20 alphabet of amino acids have been reduced to a new alphabet with size 8 according to 544 physicochemical and biochemical indices that extracted from AAIndex database (Kawashima et al., 2008) (C1={A, E}, C2={I, L, F, M, V}, C3={N, D, T, S}, C4={G}, C5={P}, C6={R, K, Q, H}, C7={Y, W}, C8={C}). We have computed k-mer composition for k=2,3,4 for each peptide. | ^ Flavors: r-devel-linux-x86_64-debian-clang, r-devel-linux-x86_64-debian-gcc, r-devel-linux-x86_64-fedora-clang, r-devel-linux-x86_64-fedora-gcc

Version: 1.2
Check: installed package size
Result: NOTE installed size is 34.5Mb sub-directories of 1Mb or more: R 34.4Mb Flavors: r-devel-linux-x86_64-fedora-clang, r-devel-windows-x86_64, r-release-macos-arm64, r-release-macos-x86_64, r-release-windows-x86_64, r-oldrel-macos-arm64, r-oldrel-windows-x86_64