Last updated on 2023-10-02 22:07:53 CEST.
Flavor | Version | Tinstall | Tcheck | Ttotal | Status | Flags |
---|---|---|---|---|---|---|
r-devel-linux-x86_64-debian-clang | 0.0.2 | 3.30 | 29.67 | 32.97 | NOTE | |
r-devel-linux-x86_64-debian-gcc | 0.0.2 | 2.44 | 23.23 | 25.67 | NOTE | |
r-devel-linux-x86_64-fedora-clang | 0.0.2 | 42.91 | NOTE | |||
r-devel-linux-x86_64-fedora-gcc | 0.0.2 | 40.17 | NOTE | |||
r-devel-windows-x86_64 | 0.0.2 | 5.00 | 49.00 | 54.00 | NOTE | |
r-patched-linux-x86_64 | 0.0.2 | 3.76 | 27.44 | 31.20 | OK | |
r-release-linux-x86_64 | 0.0.2 | 2.90 | 27.42 | 30.32 | OK | |
r-release-macos-arm64 | 0.0.2 | 19.00 | OK | |||
r-release-macos-x86_64 | 0.0.2 | 24.00 | OK | |||
r-release-windows-x86_64 | 0.0.2 | 5.00 | 47.00 | 52.00 | OK | |
r-oldrel-macos-arm64 | 0.0.2 | 22.00 | OK | |||
r-oldrel-macos-x86_64 | 0.0.2 | 28.00 | OK | |||
r-oldrel-windows-x86_64 | 0.0.2 | 7.00 | 48.00 | 55.00 | OK |
Version: 0.0.2
Check: Rd \usage sections
Result: NOTE
Documented arguments not in \usage in documentation object 'alternate.sol3':
‘lambda0’
Documented arguments not in \usage in documentation object 'check.group':
‘k’
Documented arguments not in \usage in documentation object 'getrow3':
‘lambda0’
Functions with \usage entries need to have the appropriate \alias
entries, and all their arguments documented.
The \usage entries must correspond to syntactically valid R code.
See chapter ‘Writing R documentation files’ in the ‘Writing R
Extensions’ manual.
Flavors: r-devel-linux-x86_64-debian-clang, r-devel-linux-x86_64-debian-gcc, r-devel-linux-x86_64-fedora-clang, r-devel-linux-x86_64-fedora-gcc, r-devel-windows-x86_64