CRAN Package Check Results for Package AtelieR

Last updated on 2018-07-18 22:49:02 CEST.

Flavor Version Tinstall Tcheck Ttotal Status Flags
r-devel-linux-x86_64-debian-clang 0.24 9.70 49.92 59.62 NOTE
r-devel-linux-x86_64-debian-gcc 0.24 6.98 40.73 47.71 NOTE
r-devel-linux-x86_64-fedora-clang 0.24 70.12 NOTE
r-devel-linux-x86_64-fedora-gcc 0.24 68.88 NOTE
r-devel-windows-ix86+x86_64 0.24 18.00 80.00 98.00 NOTE
r-patched-linux-x86_64 0.24 8.10 45.56 53.66 NOTE
r-patched-solaris-x86 0.24 116.70 NOTE
r-release-linux-x86_64 0.24 8.98 45.76 54.74 NOTE
r-release-windows-ix86+x86_64 0.24 17.00 73.00 90.00 NOTE
r-release-osx-x86_64 0.24 ERROR
r-oldrel-windows-ix86+x86_64 0.24 12.00 61.00 73.00 NOTE
r-oldrel-osx-x86_64 0.24 ERROR

Check Details

Version: 0.24
Check: DESCRIPTION meta-information
Result: NOTE
    Malformed Title field: should not end in a period.
Flavors: r-devel-linux-x86_64-debian-clang, r-devel-linux-x86_64-debian-gcc, r-devel-linux-x86_64-fedora-clang, r-devel-linux-x86_64-fedora-gcc, r-devel-windows-ix86+x86_64, r-patched-linux-x86_64, r-patched-solaris-x86, r-release-linux-x86_64, r-release-windows-ix86+x86_64, r-oldrel-windows-ix86+x86_64

Version: 0.24
Check: dependencies in R code
Result: NOTE
    Packages in Depends field not imported from:
     ‘cairoDevice’ ‘gWidgetsRGtk2’ ‘partitions’ ‘proto’
     These packages need to be imported from (in the NAMESPACE file)
     for when this namespace is loaded but not attached.
Flavors: r-devel-linux-x86_64-debian-clang, r-devel-linux-x86_64-debian-gcc, r-devel-linux-x86_64-fedora-clang, r-devel-linux-x86_64-fedora-gcc, r-devel-windows-ix86+x86_64, r-patched-linux-x86_64, r-patched-solaris-x86, r-release-linux-x86_64, r-release-windows-ix86+x86_64, r-oldrel-windows-ix86+x86_64

Version: 0.24
Check: package dependencies
Result: ERROR
    Packages required but not available: ‘cairoDevice’ ‘gWidgetsRGtk2’
    
    See section ‘The DESCRIPTION file’ in the ‘Writing R Extensions’
    manual.
Flavors: r-release-osx-x86_64, r-oldrel-osx-x86_64