CRAN Package Check Results for Package AtelieR

Last updated on 2017-11-19 22:48:54.

Flavor Version Tinstall Tcheck Ttotal Status Flags
r-devel-linux-x86_64-debian-clang 0.24 3.30 32.18 35.48 NOTE
r-devel-linux-x86_64-debian-gcc 0.24 2.54 53.00 55.54 NOTE
r-devel-linux-x86_64-fedora-clang 0.24 69.31 NOTE
r-devel-linux-x86_64-fedora-gcc 0.24 95.10 NOTE
r-devel-windows-ix86+x86_64 0.24 25.00 4.00 29.00 ERROR
r-patched-linux-x86_64 0.24 3.15 34.80 37.94 NOTE
r-patched-solaris-x86 0.24 103.80 NOTE
r-release-linux-x86_64 0.24 3.28 33.48 36.76 NOTE
r-release-windows-ix86+x86_64 0.24 24.00 5.00 29.00 ERROR
r-release-osx-x86_64 0.24 ERROR
r-oldrel-windows-ix86+x86_64 0.24 7.00 74.00 81.00 ERROR
r-oldrel-osx-x86_64 0.24 ERROR

Check Details

Version: 0.24
Check: DESCRIPTION meta-information
Result: NOTE
    Malformed Title field: should not end in a period.
Flavors: r-devel-linux-x86_64-debian-clang, r-devel-linux-x86_64-debian-gcc, r-devel-linux-x86_64-fedora-clang, r-devel-linux-x86_64-fedora-gcc, r-patched-linux-x86_64, r-patched-solaris-x86, r-release-linux-x86_64

Version: 0.24
Check: dependencies in R code
Result: NOTE
    Packages in Depends field not imported from:
     ‘cairoDevice’ ‘gWidgetsRGtk2’ ‘partitions’ ‘proto’
     These packages need to be imported from (in the NAMESPACE file)
     for when this namespace is loaded but not attached.
Flavors: r-devel-linux-x86_64-debian-clang, r-devel-linux-x86_64-debian-gcc, r-devel-linux-x86_64-fedora-clang, r-devel-linux-x86_64-fedora-gcc, r-patched-linux-x86_64, r-patched-solaris-x86, r-release-linux-x86_64

Version: 0.24
Check: whether package can be installed
Result: ERROR
    Installation failed.
Flavors: r-devel-windows-ix86+x86_64, r-release-windows-ix86+x86_64, r-oldrel-windows-ix86+x86_64, r-oldrel-osx-x86_64

Version: 0.24
Check: package dependencies
Result: ERROR
    Packages required but not available: ‘cairoDevice’ ‘gWidgetsRGtk2’
    
    See section ‘The DESCRIPTION file’ in the ‘Writing R Extensions’
    manual.
Flavor: r-release-osx-x86_64