CRAN Package Check Results for Package AtelieR

Last updated on 2018-04-21 22:47:49 CEST.

Flavor Version Tinstall Tcheck Ttotal Status Flags
r-devel-linux-x86_64-debian-clang 0.24 8.89 45.14 54.03 NOTE
r-devel-linux-x86_64-debian-gcc 0.24 7.74 36.63 44.37 NOTE
r-devel-linux-x86_64-fedora-clang 0.24 69.27 NOTE
r-devel-linux-x86_64-fedora-gcc 0.24 66.51 NOTE
r-devel-windows-ix86+x86_64 0.24 19.00 88.00 107.00 NOTE
r-devel-osx-x86_64 0.24 ERROR
r-patched-linux-x86_64 0.24 7.83 44.71 52.54 NOTE
r-patched-solaris-x86 0.24 118.90 NOTE
r-release-linux-x86_64 0.24 3.28 47.64 50.92 NOTE
r-release-windows-ix86+x86_64 0.24 8.00 69.00 77.00 NOTE
r-release-osx-x86_64 0.24 ERROR
r-oldrel-windows-ix86+x86_64 0.24 10.00 54.00 64.00 NOTE

Check Details

Version: 0.24
Check: DESCRIPTION meta-information
Result: NOTE
    Malformed Title field: should not end in a period.
Flavors: r-devel-linux-x86_64-debian-clang, r-devel-linux-x86_64-debian-gcc, r-devel-linux-x86_64-fedora-clang, r-devel-linux-x86_64-fedora-gcc, r-devel-windows-ix86+x86_64, r-patched-linux-x86_64, r-patched-solaris-x86, r-release-linux-x86_64, r-release-windows-ix86+x86_64, r-oldrel-windows-ix86+x86_64

Version: 0.24
Check: dependencies in R code
Result: NOTE
    Packages in Depends field not imported from:
     ‘cairoDevice’ ‘gWidgetsRGtk2’ ‘partitions’ ‘proto’
     These packages need to be imported from (in the NAMESPACE file)
     for when this namespace is loaded but not attached.
Flavors: r-devel-linux-x86_64-debian-clang, r-devel-linux-x86_64-debian-gcc, r-devel-linux-x86_64-fedora-clang, r-devel-linux-x86_64-fedora-gcc, r-devel-windows-ix86+x86_64, r-patched-linux-x86_64, r-patched-solaris-x86, r-release-linux-x86_64, r-release-windows-ix86+x86_64, r-oldrel-windows-ix86+x86_64

Version: 0.24
Check: package dependencies
Result: ERROR
    Packages required but not available: ‘cairoDevice’ ‘gWidgetsRGtk2’
    
    See section ‘The DESCRIPTION file’ in the ‘Writing R Extensions’
    manual.
Flavors: r-devel-osx-x86_64, r-release-osx-x86_64