CRAN Package Check Results for Package AugmenterR

Last updated on 2023-02-06 21:54:39 CET.

Flavor Version Tinstall Tcheck Ttotal Status Flags
r-devel-linux-x86_64-debian-clang 0.1.0 1.99 27.53 29.52 NOTE
r-devel-linux-x86_64-debian-gcc 0.1.0 1.56 20.52 22.08 NOTE
r-devel-linux-x86_64-fedora-clang 0.1.0 38.13 NOTE
r-devel-linux-x86_64-fedora-gcc 0.1.0 49.41 NOTE
r-devel-windows-x86_64 0.1.0 12.00 55.00 67.00 NOTE
r-patched-linux-x86_64 0.1.0 1.88 26.35 28.23 NOTE
r-release-linux-x86_64 0.1.0 1.39 26.91 28.30 NOTE
r-release-macos-arm64 0.1.0 17.00 NOTE
r-release-macos-x86_64 0.1.0 24.00 NOTE
r-release-windows-x86_64 0.1.0 20.00 58.00 78.00 NOTE
r-oldrel-macos-arm64 0.1.0 19.00 NOTE
r-oldrel-macos-x86_64 0.1.0 31.00 NOTE
r-oldrel-windows-ix86+x86_64 0.1.0 8.00 70.00 78.00 NOTE

Check Details

Version: 0.1.0
Check: LazyData
Result: NOTE
     'LazyData' is specified without a 'data' directory
Flavors: r-devel-linux-x86_64-debian-clang, r-devel-linux-x86_64-debian-gcc, r-devel-linux-x86_64-fedora-clang, r-devel-linux-x86_64-fedora-gcc, r-devel-windows-x86_64, r-patched-linux-x86_64, r-release-linux-x86_64, r-release-macos-arm64, r-release-macos-x86_64, r-release-windows-x86_64, r-oldrel-macos-arm64, r-oldrel-macos-x86_64, r-oldrel-windows-ix86+x86_64