Last updated on 2024-04-18 22:52:32 CEST.
Flavor | Version | Tinstall | Tcheck | Ttotal | Status | Flags |
---|---|---|---|---|---|---|
r-devel-linux-x86_64-debian-clang | 1.0.0 | 3.78 | 35.78 | 39.56 | NOTE | |
r-devel-linux-x86_64-debian-gcc | 1.0.0 | 3.46 | 27.50 | 30.96 | NOTE | |
r-devel-linux-x86_64-fedora-clang | 1.0.0 | 52.14 | NOTE | |||
r-devel-linux-x86_64-fedora-gcc | 1.0.0 | 67.37 | NOTE | |||
r-prerel-macos-arm64 | 1.0.0 | 25.00 | NOTE | |||
r-prerel-windows-x86_64 | 1.0.0 | 5.00 | 51.00 | 56.00 | NOTE | |
r-patched-linux-x86_64 | 1.0.0 | 5.03 | 35.02 | 40.05 | NOTE | |
r-release-linux-x86_64 | 1.0.0 | 3.59 | 33.88 | 37.47 | OK | |
r-release-macos-arm64 | 1.0.0 | 24.00 | OK | |||
r-release-macos-x86_64 | 1.0.0 | 38.00 | OK | |||
r-release-windows-x86_64 | 1.0.0 | 7.00 | 51.00 | 58.00 | OK | |
r-oldrel-macos-arm64 | 1.0.0 | 19.00 | OK | |||
r-oldrel-windows-x86_64 | 1.0.0 | 7.00 | 52.00 | 59.00 | OK |
Version: 1.0.0
Check: Rd files
Result: NOTE
checkRd: (-1) cosmos_mongo.Rd:21: Lost braces; missing escapes or markup?
21 | \item{host}{For \code{cosmos_mongo_endpoint}, the URL of the Cosmos DB MongoDB endpoint. Usually of the form "https://{account-name}.mongo.cosmos.azure.com:443/".}
| ^
Flavors: r-devel-linux-x86_64-debian-clang, r-devel-linux-x86_64-debian-gcc, r-devel-linux-x86_64-fedora-clang, r-devel-linux-x86_64-fedora-gcc, r-prerel-macos-arm64, r-prerel-windows-x86_64, r-patched-linux-x86_64