Last updated on 2024-03-28 23:01:39 CET.
Flavor | Version | Tinstall | Tcheck | Ttotal | Status | Flags |
---|---|---|---|---|---|---|
r-devel-linux-x86_64-debian-clang | 1.0.5 | 13.09 | 34.02 | 47.11 | OK | |
r-devel-linux-x86_64-debian-gcc | 1.0.5 | 8.84 | 26.90 | 35.74 | OK | |
r-devel-linux-x86_64-fedora-clang | 1.0.5 | 59.74 | NOTE | |||
r-devel-linux-x86_64-fedora-gcc | 1.0.5 | 70.05 | NOTE | |||
r-devel-windows-x86_64 | 1.0.5 | 10.00 | 50.00 | 60.00 | OK | |
r-patched-linux-x86_64 | 1.0.5 | 14.10 | 34.22 | 48.32 | OK | |
r-release-linux-x86_64 | 1.0.5 | 8.94 | 32.84 | 41.78 | OK | |
r-release-macos-arm64 | 1.0.5 | 28.00 | OK | |||
r-release-macos-x86_64 | 1.0.5 | 42.00 | OK | |||
r-release-windows-x86_64 | 1.0.5 | 13.00 | 50.00 | 63.00 | OK | |
r-oldrel-macos-arm64 | 1.0.5 | 22.00 | NOTE | |||
r-oldrel-windows-x86_64 | 1.0.5 | 15.00 | 52.00 | 67.00 | OK |
Version: 1.0.5
Check: dependencies in R code
Result: NOTE
Namespaces in Imports field not imported from:
‘R6’ ‘jose’ ‘openssl’
All declared Imports should be used.
Flavors: r-devel-linux-x86_64-fedora-clang, r-devel-linux-x86_64-fedora-gcc, r-oldrel-macos-arm64