CRAN Package Check Results for Package AzureML

Last updated on 2018-09-24 22:52:09 CEST.

Flavor Version Tinstall Tcheck Ttotal Status Flags
r-devel-linux-x86_64-debian-clang 0.2.14 2.58 40.57 43.15 ERROR
r-devel-linux-x86_64-debian-gcc 0.2.14 2.34 31.75 34.09 OK
r-devel-linux-x86_64-fedora-clang 0.2.14 51.72 OK
r-devel-linux-x86_64-fedora-gcc 0.2.14 49.60 OK
r-devel-windows-ix86+x86_64 0.2.14 8.00 77.00 85.00 OK
r-patched-linux-x86_64 0.2.14 3.26 35.85 39.11 OK
r-patched-solaris-x86 0.2.14 72.70 OK
r-release-linux-x86_64 0.2.14 3.56 35.65 39.21 OK
r-release-windows-ix86+x86_64 0.2.14 8.00 86.00 94.00 OK
r-release-osx-x86_64 0.2.14 OK
r-oldrel-windows-ix86+x86_64 0.2.14 6.00 61.00 67.00 OK
r-oldrel-osx-x86_64 0.2.14 OK

Check Details

Version: 0.2.14
Check: tests
Result: ERROR
     Running ‘testthat.R’ [3s/14s]
    Running the tests in ‘tests/testthat.R’ failed.
    Complete output:
     > Sys.setenv("R_TESTS" = "")
     > library(testthat, quietly = TRUE)
     > if (identical(Sys.getenv("NOT_CRAN"), "true")) {
     + # NOT_CRAN
     + # run all tests
     + test_check("AzureML")
     +
     + } else {
     + # CRAN
     + # skip some tests on CRAN, to comply with timing directive and other policy
     + test_check("AzureML", filter = "1-workspace-no-config")
     + test_check("AzureML", filter = "7-discover-schema")
     + }
     Loading required package: AzureML
     ══ testthat results ═══════════════════════════════════════════════════════════
     OK: 3 SKIPPED: 0 FAILED: 0
     ── 1. Error: discoverSchema() returns help page information (@test-7-discover-sc
     Timeout was reached: Connection timed out after 10000 milliseconds
     1: discoverSchema(schemaUrl) at testthat/test-7-discover-schema.R:31
     2: try_fetch(uri, handle = new_handle(), retry_on = "404")
     3: curl_fetch_memory(uri, handle)
    
     ══ testthat results ═══════════════════════════════════════════════════════════
     OK: 3 SKIPPED: 0 FAILED: 1
     1. Error: discoverSchema() returns help page information (@test-7-discover-schema.R#31)
    
     Error: testthat unit tests failed
     Execution halted
Flavor: r-devel-linux-x86_64-debian-clang