CRAN Package Check Results for Package BACCO

Last updated on 2018-12-11 21:48:39 CET.

Flavor Version Tinstall Tcheck Ttotal Status Flags
r-devel-linux-x86_64-debian-clang 2.0-9 1.06 29.74 30.80 OK
r-devel-linux-x86_64-debian-gcc 2.0-9 0.97 23.84 24.81 OK
r-devel-linux-x86_64-fedora-clang 2.0-9 37.34 OK
r-devel-linux-x86_64-fedora-gcc 2.0-9 36.61 OK
r-devel-windows-ix86+x86_64 2.0-9 5.00 72.00 77.00 OK
r-patched-linux-x86_64 2.0-9 1.28 27.99 29.27 OK
r-patched-solaris-x86 2.0-9 55.00 OK
r-release-linux-x86_64 2.0-9 1.23 28.69 29.92 OK
r-release-windows-ix86+x86_64 2.0-9 4.00 51.00 55.00 OK
r-release-osx-x86_64 2.0-9 OK
r-oldrel-windows-ix86+x86_64 2.0-9 4.00 65.00 69.00 OK
r-oldrel-osx-x86_64 2.0-9 NOTE

Check Details

Version: 2.0-9
Check: re-building of vignette outputs
Result: NOTE
    Error in re-building vignettes:
     ...
    Loading required package: BACCO
    Loading required package: emulator
    Loading required package: mvtnorm
    Loading required package: calibrator
    Loading required package: approximator
    Error in texi2dvi(file = file, pdf = TRUE, clean = clean, quiet = quiet, :
     Running 'texi2dvi' on 'both_papers.tex' failed.
    LaTeX errors:
    ! LaTeX Error: File `dsfont.sty' not found.
    
    Type X to quit or <RETURN> to proceed,
    or enter new name. (Default extension: sty)
    
    ! Emergency stop.
    <read *>
    
    l.9 ^^M
    
    ! ==> Fatal error occurred, no output PDF file produced!
    Calls: buildVignettes -> texi2pdf -> texi2dvi
    Execution halted
Flavor: r-oldrel-osx-x86_64