CRAN Package Check Results for Package BACCO

Last updated on 2017-11-24 22:50:51 CET.

Flavor Version Tinstall Tcheck Ttotal Status Flags
r-devel-linux-x86_64-debian-clang 2.0-9 1.20 49.96 51.16 OK
r-devel-linux-x86_64-debian-gcc 2.0-9 1.06 46.54 47.60 OK
r-devel-linux-x86_64-fedora-clang 2.0-9 32.55 OK
r-devel-linux-x86_64-fedora-gcc 2.0-9 31.57 OK
r-devel-windows-ix86+x86_64 2.0-9 4.00 63.00 67.00 OK
r-patched-linux-x86_64 2.0-9 1.19 51.90 53.09 OK
r-patched-solaris-x86 2.0-9 48.30 OK
r-release-linux-x86_64 2.0-9 1.30 50.45 51.75 OK
r-release-windows-ix86+x86_64 2.0-9 4.00 70.00 74.00 OK
r-release-osx-x86_64 2.0-9 NOTE
r-oldrel-windows-ix86+x86_64 2.0-9 3.00 71.00 74.00 OK
r-oldrel-osx-x86_64 2.0-9 OK

Check Details

Version: 2.0-9
Check: re-building of vignette outputs
Result: NOTE
    Error in re-building vignettes:
     ...
    Loading required package: BACCO
    Loading required package: emulator
    Loading required package: mvtnorm
    Loading required package: calibrator
    Loading required package: approximator
    Error in texi2dvi(file = file, pdf = TRUE, clean = clean, quiet = quiet, :
     Running 'texi2dvi' on 'both_papers.tex' failed.
    LaTeX errors:
    ! LaTeX Error: File `dsfont.sty' not found.
    
    Type X to quit or <RETURN> to proceed,
    or enter new name. (Default extension: sty)
    
    ! Emergency stop.
    <read *>
    
    l.9 ^^M
    
    ! ==> Fatal error occurred, no output PDF file produced!
    Calls: buildVignettes -> texi2pdf -> texi2dvi
    Execution halted
Flavor: r-release-osx-x86_64