CRAN Package Check Results for Package BACCO

Last updated on 2018-09-17 22:50:52 CEST.

Flavor Version Tinstall Tcheck Ttotal Status Flags
r-devel-linux-x86_64-debian-clang 2.0-9 1.40 31.43 32.83 OK
r-devel-linux-x86_64-debian-gcc 2.0-9 0.93 24.78 25.71 OK
r-devel-linux-x86_64-fedora-clang 2.0-9 39.87 OK
r-devel-linux-x86_64-fedora-gcc 2.0-9 40.30 OK
r-devel-windows-ix86+x86_64 2.0-9 6.00 68.00 74.00 OK
r-patched-linux-x86_64 2.0-9 1.29 27.87 29.16 OK
r-patched-solaris-x86 2.0-9 51.80 OK
r-release-linux-x86_64 2.0-9 1.30 28.12 29.42 OK
r-release-windows-ix86+x86_64 2.0-9 3.00 46.00 49.00 OK
r-release-osx-x86_64 2.0-9 OK
r-oldrel-windows-ix86+x86_64 2.0-9 3.00 51.00 54.00 OK
r-oldrel-osx-x86_64 2.0-9 NOTE

Check Details

Version: 2.0-9
Check: re-building of vignette outputs
Result: NOTE
    Error in re-building vignettes:
     ...
    Loading required package: BACCO
    Loading required package: emulator
    Loading required package: mvtnorm
    Loading required package: calibrator
    Loading required package: approximator
    Error in texi2dvi(file = file, pdf = TRUE, clean = clean, quiet = quiet, :
     Running 'texi2dvi' on 'both_papers.tex' failed.
    LaTeX errors:
    ! LaTeX Error: File `dsfont.sty' not found.
    
    Type X to quit or <RETURN> to proceed,
    or enter new name. (Default extension: sty)
    
    ! Emergency stop.
    <read *>
    
    l.9 ^^M
    
    ! ==> Fatal error occurred, no output PDF file produced!
    Calls: buildVignettes -> texi2pdf -> texi2dvi
    Execution halted
Flavor: r-oldrel-osx-x86_64