CRAN Package Check Results for Package BAMBI

Last updated on 2024-07-23 22:49:34 CEST.

Flavor Version Tinstall Tcheck Ttotal Status Flags
r-devel-linux-x86_64-debian-clang 2.3.5 91.85 151.53 243.38 NOTE
r-devel-linux-x86_64-debian-gcc 2.3.5 68.09 107.40 175.49 NOTE
r-devel-linux-x86_64-fedora-clang 2.3.5 374.53 NOTE
r-devel-linux-x86_64-fedora-gcc 2.3.5 331.39 NOTE
r-devel-windows-x86_64 2.3.5 83.00 149.00 232.00 NOTE
r-patched-linux-x86_64 2.3.5 112.03 140.08 252.11 NOTE
r-release-linux-x86_64 2.3.5 86.87 139.59 226.46 NOTE
r-release-macos-arm64 2.3.5 87.00 NOTE
r-release-macos-x86_64 2.3.5 128.00 NOTE
r-release-windows-x86_64 2.3.5 100.00 146.00 246.00 NOTE
r-oldrel-macos-arm64 2.3.5 105.00 OK
r-oldrel-macos-x86_64 2.3.5 186.00 OK
r-oldrel-windows-x86_64 2.3.5 101.00 179.00 280.00 OK

Check Details

Version: 2.3.5
Check: Rd files
Result: NOTE checkRd: (-1) contour.angmcmc.Rd:48: Lost braces; missing escapes or markup? 48 | Ignored if {show.data == FALSE}.} | ^ checkRd: (-1) contour.angmcmc.Rd:51: Lost braces; missing escapes or markup? 51 | Ignored if {show.data == FALSE}.} | ^ checkRd: (-1) fit_incremental_angmix.Rd:104: Lost braces; missing escapes or markup? 104 | \item{alpha}{significance level used in the test H_{0K}: expected log predictive density (elpd) for the fitted model with K components >= elpd for the fitted model | ^ checkRd: (-1) fit_incremental_angmix.Rd:148: Lost braces; missing escapes or markup? 148 | H_{0K}: expected log predictive density (elpd) for the fitted model with K components >= elpd for the fitted model | ^ checkRd: (-1) fit_incremental_angmix.Rd:163: Lost braces; missing escapes or markup? 163 | The incremental fitting stops if H_{0K} cannot be rejected | ^ Flavors: r-devel-linux-x86_64-debian-clang, r-devel-linux-x86_64-debian-gcc, r-devel-linux-x86_64-fedora-clang, r-devel-linux-x86_64-fedora-gcc, r-devel-windows-x86_64, r-patched-linux-x86_64, r-release-linux-x86_64, r-release-macos-arm64, r-release-macos-x86_64, r-release-windows-x86_64

Version: 2.3.5
Check: HTML version of manual
Result: NOTE Found the following HTML validation problems: rwnorm2.html:111:126 (rwnorm2.Rd:60): Warning: trimming empty <code> rwnorm2.html:115:73 (rwnorm2.Rd:61): Warning: trimming empty <code> rwnorm2.html:115:146 (rwnorm2.Rd:61): Warning: trimming empty <code> rwnorm2.html:115:211 (rwnorm2.Rd:61): Warning: trimming empty <code> rwnorm2.html:119:126 (rwnorm2.Rd:62): Warning: trimming empty <code> Flavors: r-devel-linux-x86_64-debian-clang, r-devel-linux-x86_64-debian-gcc, r-devel-linux-x86_64-fedora-clang, r-devel-linux-x86_64-fedora-gcc, r-devel-windows-x86_64, r-patched-linux-x86_64, r-release-linux-x86_64, r-release-windows-x86_64

Version: 2.3.5
Check: Rd cross-references
Result: NOTE Found the following Rd file(s) with Rd \link{} targets missing package anchors: bridge_sampler.angmcmc.Rd: bridge_sampler circ_varcor_model.Rd: sobol densityplot.angmcmc.Rd: as.mcmc.list fit_angmix.Rd: future_lapply fit_incremental_angmix.Rd: bridge_sampler fix_label.Rd: label.switching loo.angmcmc.Rd: waic, loo rvmcos.Rd: sobol rwnorm2.Rd: rmvnorm rwnorm2mix.Rd: rmvnorm waic.angmcmc.Rd: waic Please provide package anchors for all Rd \link{} targets not in the package itself and the base packages. Flavors: r-devel-linux-x86_64-debian-gcc, r-devel-windows-x86_64