Last updated on 2023-12-10 22:55:51 CET.
Flavor | Version | Tinstall | Tcheck | Ttotal | Status | Flags |
---|---|---|---|---|---|---|
r-devel-linux-x86_64-debian-clang | 2.1.10 | 13.92 | 171.95 | 185.87 | NOTE | |
r-devel-linux-x86_64-debian-gcc | 2.1.10 | 10.32 | 119.87 | 130.19 | NOTE | |
r-devel-linux-x86_64-fedora-clang | 2.1.10 | 217.15 | OK | |||
r-devel-linux-x86_64-fedora-gcc | 2.1.10 | 210.26 | OK | |||
r-devel-windows-x86_64 | 2.1.10 | 13.00 | 143.00 | 156.00 | OK | |
r-patched-linux-x86_64 | 2.1.10 | 15.47 | 162.91 | 178.38 | OK | |
r-release-linux-x86_64 | 2.1.10 | 11.36 | 158.64 | 170.00 | OK | |
r-release-macos-arm64 | 2.1.10 | 65.00 | OK | |||
r-release-macos-x86_64 | 2.1.10 | 106.00 | OK | |||
r-release-windows-x86_64 | 2.1.10 | 18.00 | 172.00 | 190.00 | OK | |
r-oldrel-macos-arm64 | 2.1.10 | 62.00 | OK | |||
r-oldrel-macos-x86_64 | 2.1.10 | 76.00 | OK | |||
r-oldrel-windows-x86_64 | 2.1.10 | 17.00 | 163.00 | 180.00 | OK |
Version: 2.1.10
Check: Rd files
Result: NOTE
checkRd: (-1) addBAMMlegend.Rd:60-61: Lost braces in \itemize; \value handles \item{}{} directly
checkRd: (-1) addBAMMlegend.Rd:62: Lost braces in \itemize; \value handles \item{}{} directly
checkRd: (-1) addBAMMlegend.Rd:63: Lost braces in \itemize; \value handles \item{}{} directly
checkRd: (-1) addBAMMlegend.Rd:64: Lost braces in \itemize; \value handles \item{}{} directly
checkRd: (-1) addBAMMlegend.Rd:65-66: Lost braces in \itemize; \value handles \item{}{} directly
checkRd: (-1) computeBayesFactors.Rd:30: Lost braces; missing escapes or markup?
30 | models M_{i} and M_{j}. Numerator models are given as rows, and
| ^
checkRd: (-1) computeBayesFactors.Rd:30: Lost braces; missing escapes or markup?
30 | models M_{i} and M_{j}. Numerator models are given as rows, and
| ^
checkRd: (-1) distinctShiftConfigurations.Rd:26-28: Lost braces in \itemize; \value handles \item{}{} directly
checkRd: (-1) distinctShiftConfigurations.Rd:29-30: Lost braces in \itemize; \value handles \item{}{} directly
checkRd: (-1) distinctShiftConfigurations.Rd:31-32: Lost braces in \itemize; \value handles \item{}{} directly
checkRd: (-1) distinctShiftConfigurations.Rd:33-34: Lost braces in \itemize; \value handles \item{}{} directly
checkRd: (-1) distinctShiftConfigurations.Rd:35-36: Lost braces in \itemize; \value handles \item{}{} directly
checkRd: (-1) distinctShiftConfigurations.Rd:37-39: Lost braces in \itemize; \value handles \item{}{} directly
checkRd: (-1) distinctShiftConfigurations.Rd:40-42: Lost braces in \itemize; \value handles \item{}{} directly
checkRd: (-1) dtRates.Rd:26-27: Lost braces in \itemize; \value handles \item{}{} directly
checkRd: (-1) dtRates.Rd:28-33: Lost braces in \itemize; \value handles \item{}{} directly
checkRd: (-1) dtRates.Rd:34-35: Lost braces in \itemize; \value handles \item{}{} directly
checkRd: (-1) getCladeRates.Rd:30-32: Lost braces in \itemize; \value handles \item{}{} directly
checkRd: (-1) getCladeRates.Rd:33-35: Lost braces in \itemize; \value handles \item{}{} directly
checkRd: (-1) getCladeRates.Rd:36-38: Lost braces in \itemize; \value handles \item{}{} directly
checkRd: (-1) getEventData.Rd:41: Lost braces in \itemize; \value handles \item{}{} directly
checkRd: (-1) getEventData.Rd:42-43: Lost braces in \itemize; \value handles \item{}{} directly
checkRd: (-1) getEventData.Rd:44-45: Lost braces in \itemize; \value handles \item{}{} directly
checkRd: (-1) getEventData.Rd:46-47: Lost braces in \itemize; \value handles \item{}{} directly
checkRd: (-1) getEventData.Rd:48-49: Lost braces in \itemize; \value handles \item{}{} directly
checkRd: (-1) getEventData.Rd:50: Lost braces in \itemize; \value handles \item{}{} directly
checkRd: (-1) getEventData.Rd:51-54: Lost braces in \itemize; \value handles \item{}{} directly
checkRd: (-1) getEventData.Rd:55-64: Lost braces in \itemize; \value handles \item{}{} directly
checkRd: (-1) getEventData.Rd:65-68: Lost braces in \itemize; \value handles \item{}{} directly
checkRd: (-1) getEventData.Rd:69-77: Lost braces in \itemize; \value handles \item{}{} directly
checkRd: (-1) getEventData.Rd:78-81: Lost braces in \itemize; \value handles \item{}{} directly
checkRd: (-1) getEventData.Rd:82-84: Lost braces in \itemize; \value handles \item{}{} directly
checkRd: (-1) getEventData.Rd:85-88: Lost braces in \itemize; \value handles \item{}{} directly
checkRd: (-1) getEventData.Rd:89-91: Lost braces in \itemize; \value handles \item{}{} directly
checkRd: (-1) getEventData.Rd:92-95: Lost braces in \itemize; \value handles \item{}{} directly
checkRd: (-1) getEventData.Rd:96-97: Lost braces in \itemize; \value handles \item{}{} directly
checkRd: (-1) getEventData.Rd:98-100: Lost braces in \itemize; \value handles \item{}{} directly
checkRd: (-1) getEventData.Rd:101-106: Lost braces in \itemize; \value handles \item{}{} directly
checkRd: (-1) getMarginalBranchRateMatrix.Rd:17-18: Lost braces in \itemize; \value handles \item{}{} directly
checkRd: (-1) getMarginalBranchRateMatrix.Rd:19-20: Lost braces in \itemize; \value handles \item{}{} directly
checkRd: (-1) getMarginalBranchRateMatrix.Rd:21-22: Lost braces in \itemize; \value handles \item{}{} directly
checkRd: (-1) getMeanBranchLengthTree.Rd:19-22: Lost braces in \itemize; \value handles \item{}{} directly
checkRd: (-1) getMeanBranchLengthTree.Rd:23: Lost braces in \itemize; \value handles \item{}{} directly
checkRd: (-1) getMeanBranchLengthTree.Rd:24: Lost braces in \itemize; \value handles \item{}{} directly
checkRd: (-1) getTipRates.Rd:26-27: Lost braces in \itemize; \value handles \item{}{} directly
checkRd: (-1) getTipRates.Rd:28-29: Lost braces in \itemize; \value handles \item{}{} directly
checkRd: (-1) getTipRates.Rd:30-32: Lost braces in \itemize; \value handles \item{}{} directly
checkRd: (-1) getTipRates.Rd:33-35: Lost braces in \itemize; \value handles \item{}{} directly
checkRd: (-1) getTipRates.Rd:41-42: Lost braces in \itemize; \value handles \item{}{} directly
checkRd: (-1) getTipRates.Rd:44-47: Lost braces in \itemize; \value handles \item{}{} directly
checkRd: (-1) getTipRates.Rd:52-53: Lost braces in \itemize; \value handles \item{}{} directly
checkRd: (-1) getTipRates.Rd:54-56: Lost braces in \itemize; \value handles \item{}{} directly
checkRd: (-1) maximumShiftCredibility.Rd:18-22: Lost braces in \itemize; \value handles \item{}{} directly
checkRd: (-1) maximumShiftCredibility.Rd:23-25: Lost braces in \itemize; \value handles \item{}{} directly
checkRd: (-1) maximumShiftCredibility.Rd:26-28: Lost braces in \itemize; \value handles \item{}{} directly
checkRd: (-1) maximumShiftCredibility.Rd:29-31: Lost braces in \itemize; \value handles \item{}{} directly
checkRd: (-1) plot.Rd:127-131: Lost braces in \itemize; \value handles \item{}{} directly
checkRd: (-1) plot.Rd:132-133: Lost braces in \itemize; \value handles \item{}{} directly
checkRd: (-1) plot.Rd:134-136: Lost braces in \itemize; \value handles \item{}{} directly
checkRd: (-1) plotRateThroughTime.Rd:113-115: Lost braces in \itemize; \value handles \item{}{} directly
checkRd: (-1) plotRateThroughTime.Rd:116-117: Lost braces in \itemize; \value handles \item{}{} directly
checkRd: (-1) plotRateThroughTime.Rd:118-119: Lost braces in \itemize; \value handles \item{}{} directly
checkRd: (-1) speciesByRatesMatrix.Rd:27-28: Lost braces in \itemize; \value handles \item{}{} directly
checkRd: (-1) speciesByRatesMatrix.Rd:29-30: Lost braces in \itemize; \value handles \item{}{} directly
checkRd: (-1) traitDependentBAMM.Rd:70-74: Lost braces in \itemize; \value handles \item{}{} directly
checkRd: (-1) traitDependentBAMM.Rd:75-77: Lost braces in \itemize; \value handles \item{}{} directly
checkRd: (-1) traitDependentBAMM.Rd:78: Lost braces in \itemize; \value handles \item{}{} directly
checkRd: (-1) traitDependentBAMM.Rd:79: Lost braces in \itemize; \value handles \item{}{} directly
checkRd: (-1) traitDependentBAMM.Rd:80: Lost braces in \itemize; \value handles \item{}{} directly
checkRd: (-1) traitDependentBAMM.Rd:81-83: Lost braces in \itemize; \value handles \item{}{} directly
checkRd: (-1) traitDependentBAMM.Rd:84-88: Lost braces in \itemize; \value handles \item{}{} directly
checkRd: (-1) traitDependentBAMM.Rd:89-92: Lost braces in \itemize; \value handles \item{}{} directly
Flavors: r-devel-linux-x86_64-debian-clang, r-devel-linux-x86_64-debian-gcc