Last updated on 2023-01-29 23:03:01 CET.
Flavor | Version | Tinstall | Tcheck | Ttotal | Status | Flags |
---|---|---|---|---|---|---|
r-devel-linux-x86_64-debian-clang | 1.1.3 | 13.78 | 106.22 | 120.00 | OK | |
r-devel-linux-x86_64-debian-gcc | 1.1.3 | 9.94 | 78.16 | 88.10 | OK | |
r-devel-linux-x86_64-fedora-clang | 1.1.3 | 148.36 | NOTE | |||
r-devel-linux-x86_64-fedora-gcc | 1.1.3 | 144.88 | NOTE | |||
r-devel-windows-x86_64 | 1.1.3 | 22.00 | 131.00 | 153.00 | OK | |
r-patched-linux-x86_64 | 1.1.3 | 11.73 | 101.55 | 113.28 | OK | |
r-release-linux-x86_64 | 1.1.3 | 9.90 | 100.27 | 110.17 | OK | |
r-release-macos-arm64 | 1.1.3 | 48.00 | NOTE | |||
r-release-macos-x86_64 | 1.1.3 | 77.00 | NOTE | |||
r-release-windows-x86_64 | 1.1.3 | 21.00 | 135.00 | 156.00 | OK | |
r-oldrel-macos-arm64 | 1.1.3 | 43.00 | NOTE | |||
r-oldrel-macos-x86_64 | 1.1.3 | 63.00 | NOTE | |||
r-oldrel-windows-ix86+x86_64 | 1.1.3 | 28.00 | 122.00 | 150.00 | WARN |
Version: 1.1.3
Check: dependencies in R code
Result: NOTE
Namespace in Imports field not imported from: ‘rstudioapi’
All declared Imports should be used.
Flavors: r-devel-linux-x86_64-fedora-clang, r-devel-linux-x86_64-fedora-gcc, r-release-macos-arm64, r-release-macos-x86_64, r-oldrel-macos-arm64, r-oldrel-macos-x86_64
Version: 1.1.3
Check: re-building of vignette outputs
Result: WARN
Error(s) in re-building vignettes:
--- re-building 'Introduction.Rmd' using rmarkdown
Quitting from lines 39-43 (Introduction.Rmd)
Error: processing vignette 'Introduction.Rmd' failed with diagnostics:
cannot open the connection
--- failed re-building 'Introduction.Rmd'
SUMMARY: processing the following file failed:
'Introduction.Rmd'
Error: Vignette re-building failed.
Execution halted
Flavor: r-oldrel-windows-ix86+x86_64