CRAN Package Check Results for Package BCBCSF

Last updated on 2018-10-16 22:56:04 CEST.

Flavor Version Tinstall Tcheck Ttotal Status Flags
r-devel-linux-x86_64-debian-clang 1.0-1 2.31 37.61 39.92 OK
r-devel-linux-x86_64-debian-gcc 1.0-1 1.83 28.13 29.96 OK
r-devel-linux-x86_64-fedora-clang 1.0-1 47.86 NOTE
r-devel-linux-x86_64-fedora-gcc 1.0-1 50.32 NOTE
r-devel-windows-ix86+x86_64 1.0-1 9.00 99.00 108.00 OK
r-patched-linux-x86_64 1.0-1 2.22 34.90 37.12 OK
r-patched-solaris-x86 1.0-1 65.60 OK
r-release-linux-x86_64 1.0-1 2.30 34.73 37.03 OK
r-release-windows-ix86+x86_64 1.0-1 9.00 94.00 103.00 OK
r-release-osx-x86_64 1.0-1 OK
r-oldrel-windows-ix86+x86_64 1.0-1 6.00 83.00 89.00 OK
r-oldrel-osx-x86_64 1.0-1 OK

Check Details

Version: 1.0-1
Check: compiled code
Result: NOTE
    File ‘BCBCSF/libs/BCBCSF.so’:
     Found no calls to: ‘R_registerRoutines’, ‘R_useDynamicSymbols’
    
    It is good practice to register native routines and to disable symbol
    search.
    
    See ‘Writing portable packages’ in the ‘Writing R Extensions’ manual.
Flavors: r-devel-linux-x86_64-fedora-clang, r-devel-linux-x86_64-fedora-gcc