Last updated on 2024-03-28 23:01:39 CET.
Flavor | Version | Tinstall | Tcheck | Ttotal | Status | Flags |
---|---|---|---|---|---|---|
r-devel-linux-x86_64-debian-clang | 1.4.4 | 187.04 | 155.04 | 342.08 | OK | |
r-devel-linux-x86_64-debian-gcc | 1.4.4 | 139.62 | 111.89 | 251.51 | OK | |
r-devel-linux-x86_64-fedora-clang | 1.4.4 | 440.59 | OK | |||
r-devel-linux-x86_64-fedora-gcc | 1.4.4 | 448.80 | OK | |||
r-devel-windows-x86_64 | 1.4.4 | 132.00 | 139.00 | 271.00 | OK | |
r-patched-linux-x86_64 | 1.4.4 | 162.48 | 143.60 | 306.08 | OK | |
r-release-linux-x86_64 | 1.4.4 | 166.44 | 152.67 | 319.11 | OK | |
r-release-macos-arm64 | 1.4.4 | 107.00 | NOTE | |||
r-release-macos-x86_64 | 1.4.4 | 159.00 | NOTE | |||
r-release-windows-x86_64 | 1.4.4 | 171.00 | 176.00 | 347.00 | OK | |
r-oldrel-macos-arm64 | 1.4.4 | 96.00 | NOTE | |||
r-oldrel-windows-x86_64 | 1.4.4 | 159.00 | 175.00 | 334.00 | OK |
Version: 1.4.4
Check: installed package size
Result: NOTE
installed size is 14.4Mb
sub-directories of 1Mb or more:
libs 13.4Mb
Flavors: r-release-macos-arm64, r-release-macos-x86_64, r-oldrel-macos-arm64