CRAN Package Check Results for Package BFS

Last updated on 2021-04-16 22:50:51 CEST.

Flavor Version Tinstall Tcheck Ttotal Status Flags
r-devel-linux-x86_64-debian-clang 0.3.0 7.15 57.73 64.88 NOTE
r-devel-linux-x86_64-debian-gcc 0.3.0 5.73 43.18 48.91 NOTE
r-devel-linux-x86_64-fedora-clang 0.3.0 85.51 NOTE
r-devel-linux-x86_64-fedora-gcc 0.3.0 74.55 NOTE
r-devel-windows-ix86+x86_64 0.3.0 19.00 73.00 92.00 NOTE
r-devel-windows-x86_64-gcc10-UCRT 0.3.0 NOTE
r-patched-linux-x86_64 0.3.0 7.24 53.82 61.06 OK
r-patched-solaris-x86 0.3.0 109.80 OK
r-release-linux-x86_64 0.3.0 7.13 53.42 60.55 OK
r-release-macos-x86_64 0.3.0 OK
r-release-windows-ix86+x86_64 0.3.0 29.00 77.00 106.00 OK
r-oldrel-macos-x86_64 0.3.0 OK
r-oldrel-windows-ix86+x86_64 0.3.0 10.00 63.00 73.00 OK

Check Details

Version: 0.3.0
Check: LazyData
Result: NOTE
     'LazyData' is specified without a 'data' directory
Flavors: r-devel-linux-x86_64-debian-clang, r-devel-linux-x86_64-debian-gcc, r-devel-linux-x86_64-fedora-clang, r-devel-linux-x86_64-fedora-gcc, r-devel-windows-ix86+x86_64, r-devel-windows-x86_64-gcc10-UCRT