CRAN Package Check Results for Package BGGE

Last updated on 2023-03-23 22:52:26 CET.

Flavor Version Tinstall Tcheck Ttotal Status Flags
r-devel-linux-x86_64-debian-clang 0.6.5 2.59 32.20 34.79 NOTE
r-devel-linux-x86_64-debian-gcc 0.6.5 1.98 24.93 26.91 NOTE
r-devel-linux-x86_64-fedora-clang 0.6.5 44.83 NOTE
r-devel-linux-x86_64-fedora-gcc 0.6.5 44.08 NOTE
r-devel-windows-x86_64 0.6.5 12.00 57.00 69.00 NOTE
r-patched-linux-x86_64 0.6.5 1.99 31.59 33.58 NOTE
r-release-linux-x86_64 0.6.5 2.28 31.31 33.59 NOTE
r-release-macos-arm64 0.6.5 19.00 NOTE
r-release-macos-x86_64 0.6.5 26.00 NOTE
r-release-windows-x86_64 0.6.5 9.00 61.00 70.00 NOTE
r-oldrel-macos-arm64 0.6.5 24.00 NOTE
r-oldrel-macos-x86_64 0.6.5 35.00 NOTE
r-oldrel-windows-ix86+x86_64 0.6.5 6.00 58.00 64.00 NOTE

Check Details

Version: 0.6.5
Check: LazyData
Result: NOTE
     'LazyData' is specified without a 'data' directory
Flavors: r-devel-linux-x86_64-debian-clang, r-devel-linux-x86_64-debian-gcc, r-devel-linux-x86_64-fedora-clang, r-devel-linux-x86_64-fedora-gcc, r-devel-windows-x86_64, r-patched-linux-x86_64, r-release-linux-x86_64, r-release-macos-arm64, r-release-macos-x86_64, r-release-windows-x86_64, r-oldrel-macos-arm64, r-oldrel-macos-x86_64, r-oldrel-windows-ix86+x86_64