Last updated on 2023-11-30 22:58:52 CET.
Flavor | Version | Tinstall | Tcheck | Ttotal | Status | Flags |
---|---|---|---|---|---|---|
r-devel-linux-x86_64-debian-clang | 0.6.5 | 2.20 | 29.89 | 32.09 | NOTE | |
r-devel-linux-x86_64-debian-gcc | 0.6.5 | 1.94 | 24.78 | 26.72 | NOTE | |
r-devel-linux-x86_64-fedora-clang | 0.6.5 | 40.67 | NOTE | |||
r-devel-linux-x86_64-fedora-gcc | 0.6.5 | 41.09 | NOTE | |||
r-devel-windows-x86_64 | 0.6.5 | 3.00 | 45.00 | 48.00 | NOTE | |
r-patched-linux-x86_64 | 0.6.5 | 1.99 | 31.97 | 33.96 | NOTE | |
r-release-linux-x86_64 | 0.6.5 | 2.01 | 31.53 | 33.54 | NOTE | |
r-release-macos-arm64 | 0.6.5 | 18.00 | NOTE | |||
r-release-macos-x86_64 | 0.6.5 | 27.00 | NOTE | |||
r-release-windows-x86_64 | 0.6.5 | 5.00 | 48.00 | 53.00 | NOTE | |
r-oldrel-macos-arm64 | 0.6.5 | 18.00 | NOTE | |||
r-oldrel-macos-x86_64 | 0.6.5 | 26.00 | NOTE | |||
r-oldrel-windows-x86_64 | 0.6.5 | 5.00 | 48.00 | 53.00 | NOTE |
Version: 0.6.5
Check: LazyData
Result: NOTE
'LazyData' is specified without a 'data' directory
Flavors: r-devel-linux-x86_64-debian-clang, r-devel-linux-x86_64-debian-gcc, r-devel-linux-x86_64-fedora-clang, r-devel-linux-x86_64-fedora-gcc, r-devel-windows-x86_64, r-patched-linux-x86_64, r-release-linux-x86_64, r-release-macos-arm64, r-release-macos-x86_64, r-release-windows-x86_64, r-oldrel-macos-arm64, r-oldrel-macos-x86_64, r-oldrel-windows-x86_64