Last updated on 2023-12-07 21:55:40 CET.
Flavor | Version | Tinstall | Tcheck | Ttotal | Status | Flags |
---|---|---|---|---|---|---|
r-devel-linux-x86_64-debian-clang | 0.2.0 | 802.64 | 285.83 | 1088.47 | NOTE | |
r-devel-linux-x86_64-debian-gcc | 0.2.0 | 667.47 | 333.27 | 1000.74 | NOTE | |
r-devel-linux-x86_64-fedora-clang | 0.2.0 | 1364.89 | NOTE | |||
r-devel-linux-x86_64-fedora-gcc | 0.2.0 | 1920.53 | NOTE | |||
r-devel-windows-x86_64 | 0.2.0 | 628.00 | 321.00 | 949.00 | NOTE | |
r-patched-linux-x86_64 | 0.2.0 | 640.10 | 442.11 | 1082.21 | NOTE | |
r-release-linux-x86_64 | 0.2.0 | 606.83 | 435.20 | 1042.03 | NOTE | |
r-release-macos-arm64 | 0.2.0 | 401.00 | NOTE | |||
r-release-macos-x86_64 | 0.2.0 | 625.00 | NOTE | |||
r-release-windows-x86_64 | 0.2.0 | 805.00 | 407.00 | 1212.00 | NOTE | |
r-oldrel-macos-arm64 | 0.2.0 | 316.00 | NOTE | |||
r-oldrel-macos-x86_64 | 0.2.0 | 584.00 | NOTE | |||
r-oldrel-windows-x86_64 | 0.2.0 | 750.00 | 372.00 | 1122.00 | NOTE |
Version: 0.2.0
Check: for GNU extensions in Makefiles
Result: NOTE
GNU make is a SystemRequirements.
Flavors: r-devel-linux-x86_64-debian-clang, r-devel-linux-x86_64-debian-gcc, r-devel-linux-x86_64-fedora-clang, r-devel-linux-x86_64-fedora-gcc, r-devel-windows-x86_64, r-patched-linux-x86_64, r-release-linux-x86_64, r-release-macos-arm64, r-release-macos-x86_64, r-release-windows-x86_64, r-oldrel-macos-arm64, r-oldrel-macos-x86_64, r-oldrel-windows-x86_64
Version: 0.2.0
Check: installed package size
Result: NOTE
installed size is 7.8Mb
sub-directories of 1Mb or more:
libs 7.2Mb
Flavors: r-devel-linux-x86_64-fedora-clang, r-devel-windows-x86_64, r-release-macos-arm64, r-release-macos-x86_64, r-release-windows-x86_64, r-oldrel-macos-arm64, r-oldrel-macos-x86_64, r-oldrel-windows-x86_64