CRAN Package Check Results for Package BMS

Last updated on 2018-02-20 22:47:51 CET.

Flavor Version Tinstall Tcheck Ttotal Status Flags
r-devel-linux-x86_64-debian-clang 0.3.4 6.00 173.01 179.01 OK
r-devel-linux-x86_64-debian-gcc 0.3.4 5.23 125.31 130.54 OK
r-devel-linux-x86_64-fedora-clang 0.3.4 207.57 OK
r-devel-linux-x86_64-fedora-gcc 0.3.4 203.48 OK
r-devel-windows-ix86+x86_64 0.3.4 14.00 222.00 236.00 OK
r-patched-linux-x86_64 0.3.4 1.47 182.95 184.42 OK
r-patched-solaris-x86 0.3.4 227.60 OK
r-release-linux-x86_64 0.3.4 1.42 174.33 175.75 OK
r-release-windows-ix86+x86_64 0.3.4 4.00 178.00 182.00 OK
r-release-osx-x86_64 0.3.4 NOTE
r-oldrel-windows-ix86+x86_64 0.3.4 3.00 234.00 237.00 OK
r-oldrel-osx-x86_64 0.3.4 OK

Check Details

Version: 0.3.4
Check: re-building of vignette outputs
Result: NOTE
    Error in re-building vignettes:
     ...
    Error in texi2dvi(file = file, pdf = TRUE, clean = clean, quiet = quiet, :
     Running 'texi2dvi' on 'bms.tex' failed.
    LaTeX errors:
    ! LaTeX Error: File `vmargin.sty' not found.
    
    Type X to quit or <RETURN> to proceed,
    or enter new name. (Default extension: sty)
    
    ! Emergency stop.
    <read *>
    
    l.7 \setpapersize
     {A4}^^M
    ! ==> Fatal error occurred, no output PDF file produced!
    Calls: buildVignettes -> texi2pdf -> texi2dvi
    Execution halted
Flavor: r-release-osx-x86_64