CRAN Package Check Results for Package BMS

Last updated on 2018-06-18 22:50:00 CEST.

Flavor Version Tinstall Tcheck Ttotal Status Flags
r-devel-linux-x86_64-debian-clang 0.3.4 6.49 138.72 145.21 OK
r-devel-linux-x86_64-debian-gcc 0.3.4 5.54 126.60 132.14 OK
r-devel-linux-x86_64-fedora-clang 0.3.4 212.13 OK
r-devel-linux-x86_64-fedora-gcc 0.3.4 202.32 OK
r-devel-windows-ix86+x86_64 0.3.4 13.00 226.00 239.00 OK
r-patched-linux-x86_64 0.3.4 6.46 169.11 175.57 OK
r-patched-solaris-x86 0.3.4 256.50 OK
r-release-linux-x86_64 0.3.4 5.77 161.04 166.81 OK
r-release-windows-ix86+x86_64 0.3.4 15.00 228.00 243.00 OK
r-release-osx-x86_64 0.3.4 OK
r-oldrel-windows-ix86+x86_64 0.3.4 4.00 178.00 182.00 OK
r-oldrel-osx-x86_64 0.3.4 NOTE

Check Details

Version: 0.3.4
Check: re-building of vignette outputs
Result: NOTE
    Error in re-building vignettes:
     ...
    Error in texi2dvi(file = file, pdf = TRUE, clean = clean, quiet = quiet, :
     Running 'texi2dvi' on 'bms.tex' failed.
    LaTeX errors:
    ! LaTeX Error: File `vmargin.sty' not found.
    
    Type X to quit or <RETURN> to proceed,
    or enter new name. (Default extension: sty)
    
    ! Emergency stop.
    <read *>
    
    l.7 \setpapersize
     {A4}^^M
    ! ==> Fatal error occurred, no output PDF file produced!
    Calls: buildVignettes -> texi2pdf -> texi2dvi
    Execution halted
Flavor: r-oldrel-osx-x86_64