CRAN Package Check Results for Package BMS

Last updated on 2018-12-11 21:48:40 CET.

Flavor Version Tinstall Tcheck Ttotal Status Flags
r-devel-linux-x86_64-debian-clang 0.3.4 5.66 174.45 180.11 OK
r-devel-linux-x86_64-debian-gcc 0.3.4 5.06 126.41 131.47 OK
r-devel-linux-x86_64-fedora-clang 0.3.4 206.06 OK
r-devel-linux-x86_64-fedora-gcc 0.3.4 142.87 OK
r-devel-windows-ix86+x86_64 0.3.4 14.00 227.00 241.00 OK
r-patched-linux-x86_64 0.3.4 6.61 163.79 170.40 OK
r-patched-solaris-x86 0.3.4 259.40 OK
r-release-linux-x86_64 0.3.4 6.08 164.02 170.10 OK
r-release-windows-ix86+x86_64 0.3.4 15.00 228.00 243.00 OK
r-release-osx-x86_64 0.3.4 OK
r-oldrel-windows-ix86+x86_64 0.3.4 6.00 178.00 184.00 OK
r-oldrel-osx-x86_64 0.3.4 NOTE

Check Details

Version: 0.3.4
Check: re-building of vignette outputs
Result: NOTE
    Error in re-building vignettes:
     ...
    Error in texi2dvi(file = file, pdf = TRUE, clean = clean, quiet = quiet, :
     Running 'texi2dvi' on 'bms.tex' failed.
    LaTeX errors:
    ! LaTeX Error: File `vmargin.sty' not found.
    
    Type X to quit or <RETURN> to proceed,
    or enter new name. (Default extension: sty)
    
    ! Emergency stop.
    <read *>
    
    l.7 \setpapersize
     {A4}^^M
    ! ==> Fatal error occurred, no output PDF file produced!
    Calls: buildVignettes -> texi2pdf -> texi2dvi
    Execution halted
Flavor: r-oldrel-osx-x86_64