Last updated on 2024-04-17 22:59:47 CEST.
Flavor | Version | Tinstall | Tcheck | Ttotal | Status | Flags |
---|---|---|---|---|---|---|
r-devel-linux-x86_64-debian-clang | 0.1.1 | 9.74 | 85.10 | 94.84 | NOTE | |
r-devel-linux-x86_64-debian-gcc | 0.1.1 | 8.04 | 59.12 | 67.16 | NOTE | |
r-devel-linux-x86_64-fedora-clang | 0.1.1 | 114.78 | NOTE | |||
r-devel-linux-x86_64-fedora-gcc | 0.1.1 | 121.20 | NOTE | |||
r-prerel-macos-arm64 | 0.1.1 | 30.00 | NOTE | |||
r-prerel-windows-x86_64 | 0.1.1 | 10.00 | 74.00 | 84.00 | NOTE | |
r-patched-linux-x86_64 | 0.1.1 | 17.06 | 79.15 | 96.21 | NOTE | |
r-release-linux-x86_64 | 0.1.1 | 11.17 | 79.67 | 90.84 | OK | |
r-release-macos-arm64 | 0.1.1 | 32.00 | OK | |||
r-release-macos-x86_64 | 0.1.1 | 52.00 | OK | |||
r-release-windows-x86_64 | 0.1.1 | 12.00 | 91.00 | 103.00 | OK | |
r-oldrel-macos-arm64 | 0.1.1 | 29.00 | OK | |||
r-oldrel-windows-x86_64 | 0.1.1 | 14.00 | 92.00 | 106.00 | OK |
Version: 0.1.1
Check: Rd files
Result: NOTE
checkRd: (-1) autoplot.tsregime.Rd:20: Lost braces
20 | Graph for the stochastic processes of the object \ dQuote {\ code {tsregime}} for: Output process and if they exist for: Threshold process and Covariates process. In the case that there are missing data, a red line is drawn at the indicated time.
| ^
checkRd: (-1) autoplot.tsregime.Rd:20: Lost braces; missing escapes or markup?
20 | Graph for the stochastic processes of the object \ dQuote {\ code {tsregime}} for: Output process and if they exist for: Threshold process and Covariates process. In the case that there are missing data, a red line is drawn at the indicated time.
| ^
Flavors: r-devel-linux-x86_64-debian-clang, r-devel-linux-x86_64-debian-gcc, r-devel-linux-x86_64-fedora-clang, r-devel-linux-x86_64-fedora-gcc, r-prerel-macos-arm64, r-prerel-windows-x86_64, r-patched-linux-x86_64