Last updated on 2021-04-12 22:50:56 CEST.
Flavor | Version | Tinstall | Tcheck | Ttotal | Status | Flags |
---|---|---|---|---|---|---|
r-devel-linux-x86_64-debian-clang | 1.0.19 | 40.73 | 56.36 | 97.09 | OK | --no-tests |
r-devel-linux-x86_64-debian-gcc | 1.0.19 | 27.99 | 42.94 | 70.93 | OK | --no-tests |
r-devel-linux-x86_64-fedora-clang | 1.0.19 | 130.40 | OK | --no-tests | ||
r-devel-linux-x86_64-fedora-gcc | 1.0.19 | 113.69 | OK | --no-tests | ||
r-devel-windows-ix86+x86_64 | 1.0.19 | 88.00 | 179.00 | 267.00 | OK | |
r-devel-windows-x86_64-gcc10-UCRT | 1.0.19 | ERROR | ||||
r-patched-linux-x86_64 | 1.0.19 | 31.10 | 51.09 | 82.19 | OK | --no-tests |
r-patched-solaris-x86 | 1.0.19 | 194.70 | OK | |||
r-release-linux-x86_64 | 1.0.19 | 34.50 | 51.29 | 85.79 | OK | --no-tests |
r-release-macos-x86_64 | 1.0.19 | OK | ||||
r-release-windows-ix86+x86_64 | 1.0.19 | 83.00 | 178.00 | 261.00 | OK | |
r-oldrel-macos-x86_64 | 1.0.19 | OK | ||||
r-oldrel-windows-ix86+x86_64 | 1.0.19 | 55.00 | 124.00 | 179.00 | OK |
Version: 1.0.19
Check: tests
Result: ERROR
Running 'testthat.R'
Running the tests in 'tests/testthat.R' failed.
Last 13 lines of output:
4. \-Rmpi::mpi.comm.spawn(...)
-- Error (test.R:347:5): BMORS function with Wheat full data -------------------
Error: Internal MPI error!, error stack:
MPI_Comm_spawn(cmd="C:/msys64/home/tomas/ucrt3/svn/ucrt3/R_PACK~1/rinst/bin/x64/Rscript.exe", argv=0x00000000195BC740, maxprocs=2, MPI_INFO_NULL, root=0, MPI_COMM_SELF, intercomm=0x000000001697E470, errors=0x0000000017BE1A10) failed
Internal MPI error! FAILspawn not supported without process manager
Backtrace:
x
1. \-BMTME::BMORS(...) test.R:347:4
2. \-snow::makeCluster(parallelCores)
3. \-snow::makeMPIcluster(spec, ...)
4. \-Rmpi::mpi.comm.spawn(...)
[ FAIL 3 | WARN 0 | SKIP 0 | PASS 148 ]
Error: Test failures
Execution halted
Flavor: r-devel-windows-x86_64-gcc10-UCRT