Last updated on 2023-12-02 21:39:48 CET.
Flavor | Version | Tinstall | Tcheck | Ttotal | Status | Flags |
---|---|---|---|---|---|---|
r-devel-linux-x86_64-debian-clang | 1.4.5 | 32.68 | 39.38 | 72.06 | NOTE | |
r-devel-linux-x86_64-debian-gcc | 1.4.5 | 22.05 | 28.93 | 50.98 | NOTE | |
r-devel-linux-x86_64-fedora-clang | 1.4.5 | 99.23 | NOTE | |||
r-devel-linux-x86_64-fedora-gcc | 1.4.5 | 95.35 | NOTE | |||
r-devel-windows-x86_64 | 1.4.5 | 27.00 | 71.00 | 98.00 | NOTE | |
r-patched-linux-x86_64 | 1.4.5 | 24.48 | 37.76 | 62.24 | OK | |
r-release-linux-x86_64 | 1.4.5 | 22.76 | 37.84 | 60.60 | OK | |
r-release-macos-arm64 | 1.4.5 | 30.00 | OK | |||
r-release-macos-x86_64 | 1.4.5 | 45.00 | OK | |||
r-release-windows-x86_64 | 1.4.5 | 35.00 | 79.00 | 114.00 | OK | |
r-oldrel-macos-arm64 | 1.4.5 | 29.00 | OK | |||
r-oldrel-macos-x86_64 | 1.4.5 | 38.00 | OK | |||
r-oldrel-windows-x86_64 | 1.4.5 | 31.00 | 75.00 | 106.00 | OK |
Version: 1.4.5
Check: Rd \usage sections
Result: NOTE
Documented arguments not in \usage in Rd file 'id2rownum.Rd':
‘ids’
Functions with \usage entries need to have the appropriate \alias
entries, and all their arguments documented.
The \usage entries must correspond to syntactically valid R code.
See chapter ‘Writing R documentation files’ in the ‘Writing R
Extensions’ manual.
Flavors: r-devel-linux-x86_64-debian-clang, r-devel-linux-x86_64-debian-gcc, r-devel-linux-x86_64-fedora-clang, r-devel-linux-x86_64-fedora-gcc, r-devel-windows-x86_64