Last updated on 2023-06-10 23:05:47 CEST.
Flavor | Version | Tinstall | Tcheck | Ttotal | Status | Flags |
---|---|---|---|---|---|---|
r-devel-linux-x86_64-debian-clang | 2.2.3 | 88.39 | 153.05 | 241.44 | OK | |
r-devel-linux-x86_64-debian-gcc | 2.2.3 | 81.62 | 114.10 | 195.72 | OK | |
r-devel-linux-x86_64-fedora-clang | 2.2.3 | 277.54 | OK | |||
r-devel-linux-x86_64-fedora-gcc | 2.2.3 | 338.91 | OK | |||
r-devel-windows-x86_64 | 2.2.3 | 66.00 | 143.00 | 209.00 | OK | |
r-patched-linux-x86_64 | 2.2.3 | 81.47 | 143.70 | 225.17 | OK | |
r-release-linux-x86_64 | 2.2.3 | 85.37 | 143.22 | 228.59 | OK | |
r-release-macos-arm64 | 2.2.3 | 81.00 | NOTE | |||
r-release-macos-x86_64 | 2.2.2 | 158.00 | NOTE | |||
r-release-windows-x86_64 | 2.2.3 | 90.00 | 155.00 | 245.00 | OK | |
r-oldrel-macos-arm64 | 2.2.3 | 124.00 | NOTE | |||
r-oldrel-macos-x86_64 | 2.2.3 | 181.00 | NOTE | |||
r-oldrel-windows-x86_64 | 2.2.3 | 88.00 | 162.00 | 250.00 | OK |
Version: 2.2.3
Check: installed package size
Result: NOTE
installed size is 5.2Mb
sub-directories of 1Mb or more:
libs 4.8Mb
Flavors: r-release-macos-arm64, r-oldrel-macos-arm64, r-oldrel-macos-x86_64
Version: 2.2.2
Check: installed package size
Result: NOTE
installed size is 6.9Mb
sub-directories of 1Mb or more:
libs 6.5Mb
Flavor: r-release-macos-x86_64