Last updated on 2023-09-24 22:59:34 CEST.
Flavor | Version | Tinstall | Tcheck | Ttotal | Status | Flags |
---|---|---|---|---|---|---|
r-devel-linux-x86_64-debian-clang | 1.0.5 | 10.41 | 55.86 | 66.27 | OK | |
r-devel-linux-x86_64-debian-gcc | 1.0.5 | 9.75 | 42.26 | 52.01 | OK | |
r-devel-linux-x86_64-fedora-clang | 1.0.5 | 96.49 | OK | |||
r-devel-linux-x86_64-fedora-gcc | 1.0.5 | 85.53 | OK | |||
r-devel-windows-x86_64 | 1.0.5 | 12.00 | 74.00 | 86.00 | NOTE | |
r-patched-linux-x86_64 | 1.0.5 | 11.23 | 53.01 | 64.24 | OK | |
r-release-linux-x86_64 | 1.0.5 | 11.95 | 53.78 | 65.73 | OK | |
r-release-macos-arm64 | 1.0.5 | 33.00 | OK | |||
r-release-macos-x86_64 | 1.0.5 | 53.00 | OK | |||
r-release-windows-x86_64 | 1.0.5 | 14.00 | 82.00 | 96.00 | NOTE | |
r-oldrel-macos-arm64 | 1.0.5 | 38.00 | OK | |||
r-oldrel-macos-x86_64 | 1.0.5 | 44.00 | OK | |||
r-oldrel-windows-x86_64 | 1.0.5 | 13.00 | 86.00 | 99.00 | OK |
Version: 1.0.5
Check: C++ specification
Result: NOTE
Specified C++11: please drop specification unless essential
Flavors: r-devel-windows-x86_64, r-release-windows-x86_64