CRAN Package Check Results for Package BaBooN

Last updated on 2017-11-20 22:53:01 CET.

Flavor Version Tinstall Tcheck Ttotal Status Flags
r-devel-linux-x86_64-debian-clang 0.2-0 10.99 40.99 51.98 NOTE
r-devel-linux-x86_64-debian-gcc 0.2-0 15.82 96.46 112.28 NOTE
r-devel-linux-x86_64-fedora-clang 0.2-0 101.09 NOTE
r-devel-linux-x86_64-fedora-gcc 0.2-0 150.86 NOTE
r-devel-windows-ix86+x86_64 0.2-0 38.00 108.00 146.00 NOTE
r-patched-linux-x86_64 0.2-0 13.05 44.85 57.91 NOTE
r-patched-solaris-x86 0.2-0 161.90 NOTE
r-release-linux-x86_64 0.2-0 12.94 44.81 57.74 NOTE
r-release-windows-ix86+x86_64 0.2-0 43.00 114.00 157.00 NOTE
r-release-osx-x86_64 0.2-0 NOTE
r-oldrel-windows-ix86+x86_64 0.2-0 37.00 154.00 191.00 NOTE
r-oldrel-osx-x86_64 0.2-0 NOTE

Check Details

Version: 0.2-0
Check: R code for possible problems
Result: NOTE
    BB.mod.stab.glm: no visible global function definition for ‘glm’
    BB.mod.stab.glm: no visible global function definition for ‘binomial’
    BB.mod.stab.glm: no visible binding for global variable ‘na.exclude’
    BB.mod.stab.glm: no visible global function definition for
     ‘glm.control’
    BB.mod.stab.glm: no visible global function definition for ‘lm’
    BB.mod.stab.mlog: no visible binding for global variable ‘na.exclude’
    BBPMM: no visible binding for global variable ‘var’
    BBPMM: no visible global function definition for ‘runif’
    BBPMM: no visible global function definition for ‘as.formula’
    BBPMM: no visible global function definition for ‘var’
    BBPMM: no visible global function definition for ‘na.omit’
    BBPMM: no visible global function definition for ‘lm’
    BBPMM: no visible global function definition for ‘predict’
    BBPMM: no visible global function definition for ‘glm’
    BBPMM: no visible global function definition for ‘binomial’
    BBPMM: no visible global function definition for ‘glm.control’
    BBPMM: no visible global function definition for ‘write.table’
    BBPMM.row: no visible global function definition for ‘as.formula’
    BBPMM.row: no visible global function definition for ‘lm’
    BBPMM.row: no visible global function definition for ‘var’
    BBPMM.row: no visible global function definition for ‘predict’
    BBPMM.row: no visible global function definition for ‘write.table’
    BayesBoot: no visible global function definition for ‘runif’
    BayesBoot: no visible global function definition for ‘rmultinom’
    MI.inference: no visible global function definition for ‘var’
    MI.inference: no visible global function definition for ‘qt’
    impChainConversion : <anonymous>: no visible binding for global
     variable ‘var’
    impChainConversion : <anonymous>: no visible binding for global
     variable ‘median’
    impChainConversion : <anonymous>: no visible binding for global
     variable ‘sd’
    rowimpPrep: no visible binding for global variable ‘var’
    summary.impprep: no visible global function definition for ‘head’
    Undefined global functions or variables:
     as.formula binomial glm glm.control head lm median na.exclude na.omit
     predict qt rmultinom runif sd var write.table
    Consider adding
     importFrom("stats", "as.formula", "binomial", "glm", "glm.control",
     "lm", "median", "na.exclude", "na.omit", "predict", "qt",
     "rmultinom", "runif", "sd", "var")
     importFrom("utils", "head", "write.table")
    to your NAMESPACE file.
Flavors: r-devel-linux-x86_64-debian-clang, r-devel-linux-x86_64-debian-gcc, r-devel-linux-x86_64-fedora-clang, r-devel-linux-x86_64-fedora-gcc, r-devel-windows-ix86+x86_64, r-patched-linux-x86_64, r-patched-solaris-x86, r-release-linux-x86_64, r-release-windows-ix86+x86_64, r-release-osx-x86_64, r-oldrel-windows-ix86+x86_64, r-oldrel-osx-x86_64

Version: 0.2-0
Check: compiled code
Result: NOTE
    File ‘BaBooN/libs/BaBooN.so’:
     Found no calls to: ‘R_registerRoutines’, ‘R_useDynamicSymbols’
    
    It is good practice to register native routines and to disable symbol
    search.
    
    See ‘Writing portable packages’ in the ‘Writing R Extensions’ manual.
Flavors: r-devel-linux-x86_64-debian-clang, r-devel-linux-x86_64-debian-gcc, r-devel-linux-x86_64-fedora-clang, r-devel-linux-x86_64-fedora-gcc, r-patched-linux-x86_64, r-release-linux-x86_64