CRAN Package Check Results for Package BaM

Last updated on 2018-06-24 22:49:09 CEST.

Flavor Version Tinstall Tcheck Ttotal Status Flags
r-devel-linux-x86_64-debian-clang 1.0.1 8.39 87.83 96.22 OK
r-devel-linux-x86_64-debian-gcc 1.0.1 6.65 69.02 75.67 OK
r-devel-linux-x86_64-fedora-clang 1.0.1 112.36 OK
r-devel-linux-x86_64-fedora-gcc 1.0.1 107.80 OK
r-devel-windows-ix86+x86_64 1.0.1 17.00 102.00 119.00 OK
r-patched-linux-x86_64 1.0.1 6.68 71.09 77.77 OK
r-patched-solaris-x86 1.0.1 147.40 OK
r-release-linux-x86_64 1.0.1 7.51 70.28 77.79 OK
r-release-windows-ix86+x86_64 1.0.1 19.00 121.00 140.00 OK
r-release-osx-x86_64 1.0.1 OK
r-oldrel-windows-ix86+x86_64 1.0.1 4.00 11.00 15.00 ERROR
r-oldrel-osx-x86_64 1.0.1 OK

Check Details

Version: 1.0.1
Check: whether package can be installed
Result: ERROR
    Installation failed.
Flavor: r-oldrel-windows-ix86+x86_64