CRAN Package Check Results for Package BallMapper

Last updated on 2023-01-29 23:03:01 CET.

Flavor Version Tinstall Tcheck Ttotal Status Flags
r-devel-linux-x86_64-debian-clang 0.2.0 7.89 34.93 42.82 NOTE
r-devel-linux-x86_64-debian-gcc 0.2.0 4.62 26.03 30.65 NOTE
r-devel-linux-x86_64-fedora-clang 0.2.0 55.79 NOTE
r-devel-linux-x86_64-fedora-gcc 0.2.0 53.93 NOTE
r-devel-windows-x86_64 0.2.0 41.00 66.00 107.00 NOTE
r-patched-linux-x86_64 0.2.0 7.44 34.02 41.46 NOTE
r-release-linux-x86_64 0.2.0 5.46 33.64 39.10 NOTE
r-release-macos-arm64 0.2.0 20.00 NOTE
r-release-macos-x86_64 0.2.0 37.00 NOTE
r-release-windows-x86_64 0.2.0 24.00 63.00 87.00 NOTE
r-oldrel-macos-arm64 0.2.0 26.00 NOTE
r-oldrel-macos-x86_64 0.2.0 36.00 NOTE
r-oldrel-windows-ix86+x86_64 0.2.0 14.00 59.00 73.00 NOTE

Check Details

Version: 0.2.0
Check: LazyData
Result: NOTE
     'LazyData' is specified without a 'data' directory
Flavors: r-devel-linux-x86_64-debian-clang, r-devel-linux-x86_64-debian-gcc, r-devel-linux-x86_64-fedora-clang, r-devel-linux-x86_64-fedora-gcc, r-devel-windows-x86_64, r-patched-linux-x86_64, r-release-linux-x86_64, r-release-macos-arm64, r-release-macos-x86_64, r-release-windows-x86_64, r-oldrel-macos-arm64, r-oldrel-macos-x86_64, r-oldrel-windows-ix86+x86_64

Version: 0.2.0
Check: dependencies in R code
Result: NOTE
    Namespace in Imports field not imported from: ‘testthat’
     All declared Imports should be used.
Flavors: r-devel-linux-x86_64-fedora-clang, r-devel-linux-x86_64-fedora-gcc, r-release-macos-arm64, r-release-macos-x86_64, r-oldrel-macos-arm64, r-oldrel-macos-x86_64