Last updated on 2024-04-23 22:55:16 CEST.
Flavor | Version | Tinstall | Tcheck | Ttotal | Status | Flags |
---|---|---|---|---|---|---|
r-devel-linux-x86_64-debian-clang | 1.4.3 | 7.03 | 149.39 | 156.42 | NOTE | |
r-devel-linux-x86_64-debian-gcc | 1.4.3 | 4.78 | 120.62 | 125.40 | NOTE | |
r-devel-linux-x86_64-fedora-clang | 1.4.3 | 187.54 | NOTE | |||
r-devel-linux-x86_64-fedora-gcc | 1.4.3 | 180.86 | NOTE | |||
r-prerel-macos-arm64 | 1.4.3 | 67.00 | NOTE | |||
r-prerel-windows-x86_64 | 1.4.3 | 9.00 | 135.00 | 144.00 | NOTE | |
r-patched-linux-x86_64 | 1.4.3 | 11.05 | 144.65 | 155.70 | NOTE | |
r-release-linux-x86_64 | 1.4.3 | 7.58 | 143.08 | 150.66 | OK | |
r-release-macos-arm64 | 1.4.3 | 70.00 | OK | |||
r-release-macos-x86_64 | 1.4.3 | 107.00 | OK | |||
r-release-windows-x86_64 | 1.4.3 | 9.00 | 166.00 | 175.00 | OK | |
r-oldrel-macos-arm64 | 1.4.3 | 61.00 | OK | |||
r-oldrel-windows-x86_64 | 1.4.3 | 11.00 | 167.00 | 178.00 | OK |
Version: 1.4.3
Check: Rd files
Result: NOTE
checkRd: (-1) ExperimentJob.Rd:14: Lost braces
14 | \item{\code{algo.id} [\code{character(1)}]:}{algo.id}{Algorithm ID.}
| ^
checkRd: (-1) getAlgorithmIds.Rd:13: Lost braces
13 | \item{ids}{[code{integer}]\cr
| ^
checkRd: (-1) getProblemIds.Rd:13: Lost braces
13 | \item{ids}{[code{integer}]\cr
| ^
checkRd: (-1) makeExperimentRegistry.Rd:28: Lost braces
28 | Default is dQuote{<name of registry>_files} in current working directory.}
| ^
Flavors: r-devel-linux-x86_64-debian-clang, r-devel-linux-x86_64-debian-gcc, r-devel-linux-x86_64-fedora-clang, r-devel-linux-x86_64-fedora-gcc, r-prerel-macos-arm64, r-prerel-windows-x86_64, r-patched-linux-x86_64