CRAN Package Check Results for Package BayesCR

Last updated on 2019-09-14 22:48:20 CEST.

Flavor Version Tinstall Tcheck Ttotal Status Flags
r-devel-linux-x86_64-debian-clang 2.1 4.88 30.53 35.41 OK
r-devel-linux-x86_64-debian-gcc 2.1 4.01 24.38 28.39 OK
r-devel-linux-x86_64-fedora-clang 2.1 43.48 OK
r-devel-linux-x86_64-fedora-gcc 2.1 44.57 OK
r-devel-windows-ix86+x86_64 2.1 12.00 40.00 52.00 OK
r-patched-linux-x86_64 2.1 4.50 30.37 34.87 NOTE
r-patched-solaris-x86 2.1 59.10 OK
r-release-linux-x86_64 2.1 4.62 30.73 35.35 NOTE
r-release-windows-ix86+x86_64 2.1 10.00 62.00 72.00 OK
r-release-osx-x86_64 2.1 OK
r-oldrel-windows-ix86+x86_64 2.1 9.00 42.00 51.00 OK
r-oldrel-osx-x86_64 2.1 OK

Check Details

Version: 2.1
Check: DESCRIPTION meta-information
Result: NOTE
    Dependence on R version ‘3.4.1’ not with patchlevel 0
Flavors: r-patched-linux-x86_64, r-release-linux-x86_64