CRAN Package Check Results for Package BayesCR

Last updated on 2019-06-24 22:59:41 CEST.

Flavor Version Tinstall Tcheck Ttotal Status Flags
r-devel-linux-x86_64-debian-clang 2.1 5.45 30.07 35.52 OK
r-devel-linux-x86_64-debian-gcc 2.1 4.31 24.15 28.46 OK
r-devel-linux-x86_64-fedora-clang 2.1 41.61 OK
r-devel-linux-x86_64-fedora-gcc 2.1 40.43 OK
r-devel-windows-ix86+x86_64 2.1 13.00 60.00 73.00 OK
r-patched-linux-x86_64 2.1 4.16 30.24 34.40 NOTE
r-patched-solaris-x86 2.1 62.60 OK
r-release-linux-x86_64 2.1 5.36 30.54 35.90 NOTE
r-release-windows-ix86+x86_64 2.1 8.00 43.00 51.00 OK
r-release-osx-x86_64 2.1 OK
r-oldrel-windows-ix86+x86_64 2.1 4.00 39.00 43.00 OK
r-oldrel-osx-x86_64 2.1 OK

Check Details

Version: 2.1
Check: DESCRIPTION meta-information
Result: NOTE
    Dependence on R version ‘3.4.1’ not with patchlevel 0
Flavors: r-patched-linux-x86_64, r-release-linux-x86_64