Last updated on 2024-04-23 22:55:16 CEST.
Flavor | Version | Tinstall | Tcheck | Ttotal | Status | Flags |
---|---|---|---|---|---|---|
r-devel-linux-x86_64-debian-clang | 0.1-2 | 49.21 | 36.17 | 85.38 | NOTE | |
r-devel-linux-x86_64-debian-gcc | 0.1-2 | 37.30 | 26.99 | 64.29 | NOTE | |
r-devel-linux-x86_64-fedora-clang | 0.1-2 | 126.23 | NOTE | |||
r-devel-linux-x86_64-fedora-gcc | 0.1-2 | 120.55 | NOTE | |||
r-prerel-macos-arm64 | 0.1-2 | 29.00 | NOTE | |||
r-prerel-windows-x86_64 | 0.1-2 | 43.00 | 72.00 | 115.00 | NOTE | |
r-patched-linux-x86_64 | 0.1-2 | 51.94 | 34.48 | 86.42 | NOTE | |
r-release-linux-x86_64 | 0.1-2 | 47.47 | 34.16 | 81.63 | NOTE | |
r-release-macos-arm64 | 0.1-2 | 34.00 | NOTE | |||
r-release-macos-x86_64 | 0.1-2 | 50.00 | NOTE | |||
r-release-windows-x86_64 | 0.1-2 | 52.00 | 78.00 | 130.00 | NOTE | |
r-oldrel-macos-arm64 | 0.1-2 | 39.00 | OK | |||
r-oldrel-windows-x86_64 | 0.1-2 | 49.00 | 76.00 | 125.00 | OK |
Version: 0.1-2
Check: Rd files
Result: NOTE
checkRd: (-1) BayesComm-package.Rd:33: Escaped LaTeX specials: \&
Flavors: r-devel-linux-x86_64-debian-clang, r-devel-linux-x86_64-debian-gcc, r-devel-linux-x86_64-fedora-clang, r-devel-linux-x86_64-fedora-gcc, r-prerel-macos-arm64, r-prerel-windows-x86_64, r-patched-linux-x86_64, r-release-linux-x86_64, r-release-macos-arm64, r-release-macos-x86_64, r-release-windows-x86_64
Version: 0.1-2
Check: compiled code
Result: NOTE
File ‘BayesComm/libs/BayesComm.so’:
Found no calls to: ‘R_registerRoutines’, ‘R_useDynamicSymbols’
It is good practice to register native routines and to disable symbol
search.
See ‘Writing portable packages’ in the ‘Writing R Extensions’ manual.
Flavors: r-devel-linux-x86_64-fedora-clang, r-devel-linux-x86_64-fedora-gcc