Last updated on 2023-11-27 23:11:30 CET.
Flavor | Version | Tinstall | Tcheck | Ttotal | Status | Flags |
---|---|---|---|---|---|---|
r-devel-linux-x86_64-debian-clang | 0.1.19 | 63.82 | 82.94 | 146.76 | NOTE | |
r-devel-linux-x86_64-debian-gcc | 0.1.19 | 39.77 | 75.78 | 115.55 | NOTE | |
r-devel-linux-x86_64-fedora-clang | 0.1.19 | 203.13 | NOTE | |||
r-devel-linux-x86_64-fedora-gcc | 0.1.19 | 203.75 | NOTE | |||
r-devel-windows-x86_64 | 0.1.19 | 52.00 | 98.00 | 150.00 | NOTE | |
r-patched-linux-x86_64 | 0.1.19 | 49.85 | 82.68 | 132.53 | NOTE | |
r-release-linux-x86_64 | 0.1.19 | 50.53 | 82.61 | 133.14 | NOTE | |
r-release-macos-arm64 | 0.1.19 | 59.00 | NOTE | |||
r-release-macos-x86_64 | 0.1.19 | 95.00 | NOTE | |||
r-release-windows-x86_64 | 0.1.19 | 67.00 | 114.00 | 181.00 | NOTE | |
r-oldrel-macos-arm64 | 0.1.19 | 69.00 | NOTE | |||
r-oldrel-macos-x86_64 | 0.1.19 | 68.00 | NOTE | |||
r-oldrel-windows-x86_64 | 0.1.19 | 60.00 | 110.00 | 170.00 | NOTE |
Version: 0.1.19
Check: LazyData
Result: NOTE
'LazyData' is specified without a 'data' directory
Flavors: r-devel-linux-x86_64-debian-clang, r-devel-linux-x86_64-debian-gcc, r-devel-linux-x86_64-fedora-clang, r-devel-linux-x86_64-fedora-gcc, r-devel-windows-x86_64, r-patched-linux-x86_64, r-release-linux-x86_64, r-release-macos-arm64, r-release-macos-x86_64, r-release-windows-x86_64, r-oldrel-macos-arm64, r-oldrel-macos-x86_64, r-oldrel-windows-x86_64
Version: 0.1.19
Check: dependencies in R code
Result: NOTE
Namespaces in Imports field not imported from:
‘MASS’ ‘MatrixModels’
All declared Imports should be used.
Flavors: r-devel-linux-x86_64-fedora-clang, r-devel-linux-x86_64-fedora-gcc, r-oldrel-macos-arm64, r-oldrel-macos-x86_64