Last updated on 2024-04-23 22:55:16 CEST.
Flavor | Version | Tinstall | Tcheck | Ttotal | Status | Flags |
---|---|---|---|---|---|---|
r-devel-linux-x86_64-debian-clang | 0.9.12-4.7 | 313.92 | 472.45 | 786.37 | OK | |
r-devel-linux-x86_64-debian-gcc | 0.9.12-4.7 | 251.21 | 358.56 | 609.77 | OK | |
r-devel-linux-x86_64-fedora-clang | 0.9.12-4.7 | 1079.54 | NOTE | |||
r-devel-linux-x86_64-fedora-gcc | 0.9.12-4.7 | 906.49 | OK | |||
r-prerel-macos-arm64 | 0.9.12-4.7 | 186.00 | NOTE | |||
r-prerel-macos-x86_64 | 0.9.12-4.7 | 366.00 | NOTE | |||
r-prerel-windows-x86_64 | 0.9.12-4.7 | 242.00 | 283.00 | 525.00 | NOTE | |
r-patched-linux-x86_64 | 0.9.12-4.7 | 321.65 | 454.24 | 775.89 | OK | |
r-release-linux-x86_64 | 0.9.12-4.7 | 307.86 | 465.12 | 772.98 | OK | |
r-release-macos-arm64 | 0.9.12-4.7 | 190.00 | NOTE | |||
r-release-macos-x86_64 | 0.9.12-4.7 | 399.00 | NOTE | |||
r-release-windows-x86_64 | 0.9.12-4.7 | 299.00 | 364.00 | 663.00 | NOTE | |
r-oldrel-macos-arm64 | 0.9.12-4.7 | 180.00 | NOTE | |||
r-oldrel-windows-x86_64 | 0.9.12-4.7 | 277.00 | 337.00 | 614.00 | NOTE |
Version: 0.9.12-4.7
Check: installed package size
Result: NOTE
installed size is 12.5Mb
sub-directories of 1Mb or more:
doc 10.9Mb
Flavors: r-devel-linux-x86_64-fedora-clang, r-prerel-macos-arm64, r-prerel-macos-x86_64, r-prerel-windows-x86_64, r-release-macos-arm64, r-release-macos-x86_64, r-release-windows-x86_64, r-oldrel-macos-arm64, r-oldrel-windows-x86_64
Version: 0.9.12-4.7
Check: package dependencies
Result: NOTE
Package suggested but not available for checking: 'doMC'
Flavors: r-prerel-windows-x86_64, r-release-windows-x86_64, r-oldrel-windows-x86_64