Last updated on 2023-09-24 22:59:33 CEST.
Flavor | Version | Tinstall | Tcheck | Ttotal | Status | Flags |
---|---|---|---|---|---|---|
r-devel-linux-x86_64-debian-clang | 2.1 | 12.50 | 26.05 | 38.55 | NOTE | |
r-devel-linux-x86_64-debian-gcc | 2.1 | 8.45 | 20.50 | 28.95 | NOTE | |
r-devel-linux-x86_64-fedora-clang | 2.1 | 52.02 | NOTE | |||
r-devel-linux-x86_64-fedora-gcc | 2.1 | 51.23 | NOTE | |||
r-devel-windows-x86_64 | 2.1 | 14.00 | 45.00 | 59.00 | NOTE | |
r-patched-linux-x86_64 | 2.1 | 11.35 | 25.61 | 36.96 | NOTE | |
r-release-linux-x86_64 | 2.1 | 11.48 | 25.56 | 37.04 | NOTE | |
r-release-macos-arm64 | 2.1 | 21.00 | NOTE | |||
r-release-macos-x86_64 | 2.1 | 28.00 | NOTE | |||
r-release-windows-x86_64 | 2.1 | 14.00 | 53.00 | 67.00 | NOTE | |
r-oldrel-macos-arm64 | 2.1 | 21.00 | OK | |||
r-oldrel-macos-x86_64 | 2.1 | 26.00 | OK | |||
r-oldrel-windows-x86_64 | 2.1 | 18.00 | 59.00 | 77.00 | OK |
Version: 2.1
Check: package subdirectories
Result: NOTE
Problems with news in ‘NEWS.md’:
No news entries found.
Flavors: r-devel-linux-x86_64-debian-clang, r-devel-linux-x86_64-debian-gcc, r-devel-linux-x86_64-fedora-clang, r-devel-linux-x86_64-fedora-gcc, r-devel-windows-x86_64, r-patched-linux-x86_64, r-release-linux-x86_64, r-release-macos-arm64, r-release-macos-x86_64, r-release-windows-x86_64