Last updated on 2021-04-16 22:50:50 CEST.
Flavor | Version | Tinstall | Tcheck | Ttotal | Status | Flags |
---|---|---|---|---|---|---|
r-devel-linux-x86_64-debian-clang | 1.0.0 | 9.62 | 364.11 | 373.73 | NOTE | |
r-devel-linux-x86_64-debian-gcc | 1.0.0 | 8.89 | 263.46 | 272.35 | NOTE | |
r-devel-linux-x86_64-fedora-clang | 1.0.0 | 424.25 | NOTE | |||
r-devel-linux-x86_64-fedora-gcc | 1.0.0 | 434.80 | NOTE | |||
r-devel-windows-ix86+x86_64 | 1.0.0 | 22.00 | 430.00 | 452.00 | NOTE | |
r-devel-windows-x86_64-gcc10-UCRT | 1.0.0 | NOTE | ||||
r-patched-linux-x86_64 | 1.0.0 | 10.09 | 336.65 | 346.74 | OK | |
r-patched-solaris-x86 | 1.0.0 | 538.70 | OK | |||
r-release-linux-x86_64 | 1.0.0 | 9.79 | 333.11 | 342.90 | OK | |
r-release-macos-x86_64 | 1.0.0 | OK | ||||
r-release-windows-ix86+x86_64 | 1.0.0 | 21.00 | 429.00 | 450.00 | OK | |
r-oldrel-macos-x86_64 | 1.0.0 | OK | ||||
r-oldrel-windows-ix86+x86_64 | 1.0.0 | 11.00 | 386.00 | 397.00 | OK |
Version: 1.0.0
Check: LazyData
Result: NOTE
'LazyData' is specified without a 'data' directory
Flavors: r-devel-linux-x86_64-debian-clang, r-devel-linux-x86_64-debian-gcc, r-devel-linux-x86_64-fedora-clang, r-devel-linux-x86_64-fedora-gcc, r-devel-windows-ix86+x86_64, r-devel-windows-x86_64-gcc10-UCRT