Last updated on 2024-04-18 22:52:32 CEST.
Flavor | Version | Tinstall | Tcheck | Ttotal | Status | Flags |
---|---|---|---|---|---|---|
r-devel-linux-x86_64-debian-clang | 1.6.1 | 19.72 | 162.19 | 181.91 | OK | |
r-devel-linux-x86_64-debian-gcc | 1.6.1 | 14.83 | 115.74 | 130.57 | OK | |
r-devel-linux-x86_64-fedora-clang | 1.6.1 | 227.44 | OK | |||
r-devel-linux-x86_64-fedora-gcc | 1.6.1 | 213.60 | OK | |||
r-prerel-macos-arm64 | 1.6.1 | 57.00 | OK | |||
r-prerel-macos-x86_64 | 1.6.1 | 121.00 | NOTE | |||
r-prerel-windows-x86_64 | 1.6.1 | 16.00 | 122.00 | 138.00 | OK | |
r-patched-linux-x86_64 | 1.6.1 | 16.46 | 148.27 | 164.73 | OK | |
r-release-linux-x86_64 | 1.6.1 | 13.85 | 159.44 | 173.29 | OK | |
r-release-macos-arm64 | 1.6.1 | 58.00 | OK | |||
r-release-macos-x86_64 | 1.6.1 | 107.00 | OK | |||
r-release-windows-x86_64 | 1.6.1 | 21.00 | 154.00 | 175.00 | OK | |
r-oldrel-macos-arm64 | 1.6.1 | 55.00 | OK | |||
r-oldrel-windows-x86_64 | 1.6.1 | 22.00 | 153.00 | 175.00 | OK |
Version: 1.6.1
Check: package dependencies
Result: NOTE
Package suggested but not available for checking: ‘qtlnet’
Flavor: r-prerel-macos-x86_64