Last updated on 2023-03-21 22:56:01 CET.
Flavor | Version | Tinstall | Tcheck | Ttotal | Status | Flags |
---|---|---|---|---|---|---|
r-devel-linux-x86_64-debian-clang | 1.1.0 | 129.51 | 324.86 | 454.37 | NOTE | |
r-devel-linux-x86_64-debian-gcc | 1.1.0 | 107.82 | 203.31 | 311.13 | NOTE | |
r-devel-linux-x86_64-fedora-clang | 1.1.0 | 564.07 | NOTE | |||
r-devel-linux-x86_64-fedora-gcc | 1.1.0 | 594.32 | NOTE | |||
r-devel-windows-x86_64 | 1.1.0 | 96.00 | 572.00 | 668.00 | NOTE | |
r-patched-linux-x86_64 | 1.1.0 | 124.35 | 321.05 | 445.40 | OK | |
r-release-linux-x86_64 | 1.1.0 | 117.99 | 312.46 | 430.45 | OK | |
r-release-macos-arm64 | 1.1.0 | 149.00 | NOTE | |||
r-release-macos-x86_64 | 1.1.0 | 184.00 | NOTE | |||
r-release-windows-x86_64 | 1.1.0 | 91.00 | 581.00 | 672.00 | OK | |
r-oldrel-macos-arm64 | 1.1.0 | 147.00 | NOTE | |||
r-oldrel-macos-x86_64 | 1.1.0 | 187.00 | NOTE | |||
r-oldrel-windows-ix86+x86_64 | 1.1.0 | 285.00 | 1089.00 | 1374.00 | OK |
Version: 1.1.0
Check: C++ specification
Result: NOTE
Specified C++11: please drop specification unless essential
Flavors: r-devel-linux-x86_64-debian-clang, r-devel-linux-x86_64-debian-gcc, r-devel-linux-x86_64-fedora-clang, r-devel-linux-x86_64-fedora-gcc, r-devel-windows-x86_64
Version: 1.1.0
Check: installed package size
Result: NOTE
installed size is 13.8Mb
sub-directories of 1Mb or more:
libs 13.4Mb
Flavors: r-release-macos-arm64, r-release-macos-x86_64, r-oldrel-macos-arm64, r-oldrel-macos-x86_64