CRAN Package Check Results for Package BayesPiecewiseICAR

Last updated on 2023-06-04 22:59:53 CEST.

Flavor Version Tinstall Tcheck Ttotal Status Flags
r-devel-linux-x86_64-debian-clang 0.2.1 3.40 28.00 31.40 NOTE
r-devel-linux-x86_64-debian-gcc 0.2.1 2.25 21.07 23.32 NOTE
r-devel-linux-x86_64-fedora-clang 0.2.1 39.86 NOTE
r-devel-linux-x86_64-fedora-gcc 0.2.1 39.03 NOTE
r-devel-windows-x86_64 0.2.1 3.00 46.00 49.00 NOTE
r-patched-linux-x86_64 0.2.1 2.93 25.85 28.78 NOTE
r-release-linux-x86_64 0.2.1 2.71 26.94 29.65 NOTE
r-release-macos-arm64 0.2.1 18.00 NOTE
r-release-macos-x86_64 0.2.1 22.00 NOTE
r-release-windows-x86_64 0.2.1 3.00 43.00 46.00 NOTE
r-oldrel-macos-arm64 0.2.1 18.00 NOTE
r-oldrel-macos-x86_64 0.2.1 25.00 NOTE
r-oldrel-windows-x86_64 0.2.1 5.00 57.00 62.00 NOTE

Check Details

Version: 0.2.1
Check: LazyData
Result: NOTE
     'LazyData' is specified without a 'data' directory
Flavors: r-devel-linux-x86_64-debian-clang, r-devel-linux-x86_64-debian-gcc, r-devel-linux-x86_64-fedora-clang, r-devel-linux-x86_64-fedora-gcc, r-devel-windows-x86_64, r-patched-linux-x86_64, r-release-linux-x86_64, r-release-macos-arm64, r-release-macos-x86_64, r-release-windows-x86_64, r-oldrel-macos-arm64, r-oldrel-macos-x86_64, r-oldrel-windows-x86_64