CRAN Package Check Results for Package BayesProject

Last updated on 2023-12-03 22:57:01 CET.

Flavor Version Tinstall Tcheck Ttotal Status Flags
r-devel-linux-x86_64-debian-clang 1.0 35.06 32.68 67.74 OK
r-devel-linux-x86_64-debian-gcc 1.0 23.27 25.86 49.13 OK
r-devel-linux-x86_64-fedora-clang 1.0 90.83 OK
r-devel-linux-x86_64-fedora-gcc 1.0 94.25 OK
r-devel-windows-x86_64 1.0 26.00 65.00 91.00 OK
r-patched-linux-x86_64 1.0 27.02 33.46 60.48 OK
r-release-linux-x86_64 1.0 26.94 33.50 60.44 OK
r-release-macos-arm64 1.0 32.00 NOTE
r-release-macos-x86_64 1.0 46.00 NOTE
r-release-windows-x86_64 1.0 35.00 70.00 105.00 OK
r-oldrel-macos-arm64 1.0 30.00 NOTE
r-oldrel-macos-x86_64 1.0 36.00 NOTE
r-oldrel-windows-x86_64 1.0 33.00 71.00 104.00 OK

Check Details

Version: 1.0
Check: installed package size
Result: NOTE installed size is 8.1Mb sub-directories of 1Mb or more: libs 8.0Mb Flavors: r-release-macos-arm64, r-release-macos-x86_64, r-oldrel-macos-arm64, r-oldrel-macos-x86_64