Last updated on 2023-12-06 23:11:53 CET.
Flavor | Version | Tinstall | Tcheck | Ttotal | Status | Flags |
---|---|---|---|---|---|---|
r-devel-linux-x86_64-debian-clang | 1.5 | 49.98 | 30.25 | 80.23 | NOTE | |
r-devel-linux-x86_64-debian-gcc | 1.5 | 31.14 | 23.91 | 55.05 | NOTE | |
r-devel-linux-x86_64-fedora-clang | 1.5 | 107.85 | NOTE | |||
r-devel-linux-x86_64-fedora-gcc | 1.5 | 103.41 | NOTE | |||
r-devel-windows-x86_64 | 1.5 | 35.00 | 72.00 | 107.00 | NOTE | |
r-patched-linux-x86_64 | 1.5 | 32.31 | 30.42 | 62.73 | NOTE | |
r-release-linux-x86_64 | 1.5 | 37.44 | 29.67 | 67.11 | NOTE | |
r-release-macos-arm64 | 1.5 | 33.00 | NOTE | |||
r-release-macos-x86_64 | 1.5 | 52.00 | NOTE | |||
r-release-windows-x86_64 | 1.5 | 34.00 | 79.00 | 113.00 | NOTE | |
r-oldrel-macos-arm64 | 1.5 | 31.00 | OK | |||
r-oldrel-macos-x86_64 | 1.5 | 42.00 | OK | |||
r-oldrel-windows-x86_64 | 1.5 | 42.00 | 76.00 | 118.00 | OK |
Version: 1.5
Check: C++ specification
Result: NOTE
Specified C++11: please drop specification unless essential
Flavors: r-devel-linux-x86_64-debian-clang, r-devel-linux-x86_64-debian-gcc, r-devel-linux-x86_64-fedora-clang, r-devel-linux-x86_64-fedora-gcc, r-devel-windows-x86_64, r-patched-linux-x86_64, r-release-linux-x86_64, r-release-macos-arm64, r-release-macos-x86_64, r-release-windows-x86_64